Last updated on 2015-04-24 23:46:35.
Flavor | Version | Tinstall | Tcheck | Ttotal | Status | Flags |
---|---|---|---|---|---|---|
r-devel-linux-x86_64-debian-clang | 0.8 | 0.25 | 1.46 | 1.72 | ERROR | |
r-devel-linux-x86_64-debian-gcc | 0.8 | 1.30 | 18.31 | 19.61 | OK | |
r-devel-linux-x86_64-fedora-clang | 0.8 | 41.10 | OK | |||
r-devel-linux-x86_64-fedora-gcc | 0.8 | 39.44 | OK | |||
r-devel-osx-x86_64-clang | 0.8 | 40.18 | OK | |||
r-devel-windows-ix86+x86_64 | 0.8 | 5.00 | 29.00 | 34.00 | OK | |
r-patched-linux-x86_64 | 0.8 | 1.22 | 17.11 | 18.33 | OK | |
r-patched-solaris-sparc | 0.8 | 241.80 | OK | |||
r-patched-solaris-x86 | 0.8 | 51.90 | OK | |||
r-release-linux-x86_64 | 0.8 | 1.29 | 18.23 | 19.52 | OK | |
r-release-osx-x86_64-mavericks | 0.8 | OK | ||||
r-release-osx-x86_64-snowleopard | 0.8 | NOTE | ||||
r-release-windows-ix86+x86_64 | 0.8 | 2.00 | 1.00 | 3.00 | ERROR | |
r-oldrel-windows-ix86+x86_64 | 0.8 | 5.00 | 39.00 | 44.00 | OK |
Version: 0.8
Check: whether package can be installed
Result: ERROR
Installation failed.
Flavor: r-release-windows-ix86+x86_64