Last updated on 2015-04-24 23:46:35.
Flavor | Version | Tinstall | Tcheck | Ttotal | Status | Flags |
---|---|---|---|---|---|---|
r-devel-linux-x86_64-debian-clang | 0.4 | 1.77 | 16.52 | 18.29 | NOTE | |
r-devel-linux-x86_64-debian-gcc | 0.4 | 1.81 | 15.30 | 17.11 | NOTE | |
r-devel-linux-x86_64-fedora-clang | 0.4 | 35.33 | NOTE | |||
r-devel-linux-x86_64-fedora-gcc | 0.4 | 35.18 | NOTE | |||
r-devel-osx-x86_64-clang | 0.4 | 37.59 | NOTE | |||
r-devel-windows-ix86+x86_64 | 0.4 | 9.00 | 32.00 | 41.00 | NOTE | |
r-patched-linux-x86_64 | 0.4 | 1.84 | 15.60 | 17.44 | NOTE | |
r-patched-solaris-sparc | 0.4 | 226.60 | NOTE | |||
r-patched-solaris-x86 | 0.4 | 48.20 | NOTE | |||
r-release-linux-x86_64 | 0.4 | 1.82 | 15.61 | 17.43 | NOTE | |
r-release-osx-x86_64-mavericks | 0.4 | NOTE | ||||
r-release-osx-x86_64-snowleopard | 0.4 | ERROR | ||||
r-release-windows-ix86+x86_64 | 0.4 | 10.00 | 32.00 | 42.00 | NOTE | |
r-oldrel-windows-ix86+x86_64 | 0.4 | 9.00 | 41.00 | 50.00 | NOTE |
Version: 0.4
Check: DESCRIPTION meta-information
Result: NOTE
Malformed Description field: should contain one or more complete sentences.
Flavors: r-devel-linux-x86_64-debian-gcc, r-devel-windows-ix86+x86_64, r-patched-linux-x86_64, r-release-windows-ix86+x86_64
Version: 0.4
Check: R code for possible problems
Result: NOTE
aqDayOfWeekStat: no visible global function definition for ‘index’
aqDropHour: no visible global function definition for ‘index’
aqHourIndex: no visible global function definition for ‘index’
aqHourlyStat: no visible global function definition for ‘index’
aqStoreSeriesField: no visible global function definition for ‘index’
Flavors: r-devel-linux-x86_64-debian-gcc, r-devel-windows-ix86+x86_64, r-patched-linux-x86_64, r-release-windows-ix86+x86_64, r-oldrel-windows-ix86+x86_64