Last updated on 2015-04-24 23:46:35.
Flavor | Version | Tinstall | Tcheck | Ttotal | Status | Flags |
---|---|---|---|---|---|---|
r-devel-linux-x86_64-debian-clang | 1.0.1 | 0.58 | 14.43 | 15.01 | NOTE | |
r-devel-linux-x86_64-debian-gcc | 1.0.1 | 0.54 | 14.14 | 14.68 | NOTE | |
r-devel-linux-x86_64-fedora-clang | 1.0.1 | 32.43 | NOTE | |||
r-devel-linux-x86_64-fedora-gcc | 1.0.1 | 32.16 | NOTE | |||
r-devel-osx-x86_64-clang | 1.0.1 | 38.11 | NOTE | |||
r-devel-windows-ix86+x86_64 | 1.0.1 | 2.00 | 42.00 | 44.00 | NOTE | |
r-patched-linux-x86_64 | 1.0.1 | 0.52 | 14.51 | 15.03 | NOTE | |
r-patched-solaris-sparc | 1.0.1 | 181.80 | NOTE | --no-build-vignettes | ||
r-patched-solaris-x86 | 1.0.1 | 31.90 | NOTE | --no-build-vignettes | ||
r-release-linux-x86_64 | 1.0.1 | 0.58 | 14.34 | 14.92 | NOTE | |
r-release-osx-x86_64-mavericks | 1.0.1 | NOTE | ||||
r-release-osx-x86_64-snowleopard | 1.0.1 | ERROR | ||||
r-release-windows-ix86+x86_64 | 1.0.1 | 2.00 | 37.00 | 39.00 | NOTE | |
r-oldrel-windows-ix86+x86_64 | 1.0.1 | 3.00 | 42.00 | 45.00 | NOTE |
Version: 1.0.1
Check: DESCRIPTION meta-information
Result: NOTE
Malformed Title field: should not end in a period.
Flavors: r-devel-linux-x86_64-debian-gcc, r-devel-windows-ix86+x86_64, r-patched-linux-x86_64, r-release-windows-ix86+x86_64
Version: 1.0.1
Check: re-building of vignette outputs
Result: NOTE
Error in re-building vignettes:
...
Warning: running command '"rst2pdf" "argparse.rst" -o "argparse.pdf" ' had status 127
Error: processing vignette 'argparse.Rrst' failed with diagnostics:
conversion by rst2pdf failed!
Execution halted
Flavors: r-devel-windows-ix86+x86_64, r-release-windows-ix86+x86_64, r-oldrel-windows-ix86+x86_64