Last updated on 2015-04-24 23:46:35.
Flavor | Version | Tinstall | Tcheck | Ttotal | Status | Flags |
---|---|---|---|---|---|---|
r-devel-linux-x86_64-debian-clang | 0.1.3 | 0.80 | 9.93 | 10.73 | NOTE | |
r-devel-linux-x86_64-debian-gcc | 0.1.3 | 0.75 | 9.94 | 10.69 | NOTE | |
r-devel-linux-x86_64-fedora-clang | 0.1.3 | 20.61 | NOTE | |||
r-devel-linux-x86_64-fedora-gcc | 0.1.3 | 20.10 | NOTE | |||
r-devel-osx-x86_64-clang | 0.1.3 | 26.58 | NOTE | |||
r-devel-windows-ix86+x86_64 | 0.1.3 | 3.00 | 19.00 | 22.00 | NOTE | |
r-patched-linux-x86_64 | 0.1.3 | 0.85 | 9.68 | 10.53 | NOTE | |
r-patched-solaris-sparc | 0.1.3 | 140.10 | NOTE | |||
r-patched-solaris-x86 | 0.1.3 | 28.60 | NOTE | |||
r-release-linux-x86_64 | 0.1.3 | 0.78 | 9.68 | 10.45 | NOTE | |
r-release-osx-x86_64-mavericks | 0.1.3 | NOTE | ||||
r-release-osx-x86_64-snowleopard | 0.1.3 | NOTE | ||||
r-release-windows-ix86+x86_64 | 0.1.3 | 3.00 | 19.00 | 22.00 | NOTE | |
r-oldrel-windows-ix86+x86_64 | 0.1.3 | 5.00 | 18.00 | 23.00 | OK |
Version: 0.1.3
Check: DESCRIPTION meta-information
Result: NOTE
Malformed Description field: should contain one or more complete sentences.
Flavors: r-devel-linux-x86_64-debian-gcc, r-devel-windows-ix86+x86_64, r-patched-linux-x86_64, r-release-windows-ix86+x86_64