Last updated on 2015-04-24 23:46:35.
Flavor | Version | Tinstall | Tcheck | Ttotal | Status | Flags |
---|---|---|---|---|---|---|
r-devel-linux-x86_64-debian-clang | 0.1-1 | 0.54 | 10.61 | 11.15 | NOTE | |
r-devel-linux-x86_64-debian-gcc | 0.1-1 | 0.53 | 10.35 | 10.88 | NOTE | |
r-devel-linux-x86_64-fedora-clang | 0.1-1 | 21.11 | NOTE | |||
r-devel-linux-x86_64-fedora-gcc | 0.1-1 | 20.57 | NOTE | |||
r-devel-osx-x86_64-clang | 0.1-1 | 24.58 | NOTE | |||
r-devel-windows-ix86+x86_64 | 0.1-1 | 2.00 | 19.00 | 21.00 | NOTE | |
r-patched-linux-x86_64 | 0.1-1 | 0.46 | 9.98 | 10.44 | NOTE | |
r-patched-solaris-sparc | 0.1-1 | 145.90 | NOTE | |||
r-patched-solaris-x86 | 0.1-1 | 28.70 | NOTE | |||
r-release-linux-x86_64 | 0.1-1 | 0.46 | 10.08 | 10.54 | NOTE | |
r-release-osx-x86_64-mavericks | 0.1-1 | NOTE | ||||
r-release-osx-x86_64-snowleopard | 0.1-1 | NOTE | ||||
r-release-windows-ix86+x86_64 | 0.1-1 | 1.00 | 19.00 | 20.00 | NOTE | |
r-oldrel-windows-ix86+x86_64 | 0.1-1 | 3.00 | 19.00 | 22.00 | OK |
Version: 0.1-1
Check: DESCRIPTION meta-information
Result: NOTE
Malformed Description field: should contain one or more complete sentences.
License components which are templates and need '+ file LICENSE':
MIT
Flavors: r-devel-linux-x86_64-debian-gcc, r-patched-linux-x86_64
Version: 0.1-1
Check: DESCRIPTION meta-information
Result: NOTE
Malformed Description field: should contain one or more complete sentences.
Flavors: r-devel-windows-ix86+x86_64, r-release-windows-ix86+x86_64