CRAN Package Check Results for Package aws

Last updated on 2015-04-24 23:46:35.

Flavor Version Tinstall Tcheck Ttotal Status Flags
r-devel-linux-x86_64-debian-clang 1.9-4 4.07 23.75 27.82 NOTE
r-devel-linux-x86_64-debian-gcc 1.9-4 4.26 22.62 26.88 NOTE
r-devel-linux-x86_64-fedora-clang 1.9-4 53.89 NOTE
r-devel-linux-x86_64-fedora-gcc 1.9-4 50.26 NOTE
r-devel-osx-x86_64-clang 1.9-4 53.69 NOTE
r-devel-windows-ix86+x86_64 1.9-4 17.00 47.00 64.00 NOTE
r-patched-linux-x86_64 1.9-4 4.18 23.12 27.30 NOTE
r-patched-solaris-sparc 1.9-4 338.70 NOTE
r-patched-solaris-x86 1.9-4 78.80 NOTE
r-release-linux-x86_64 1.9-4 4.26 22.78 27.04 NOTE
r-release-osx-x86_64-mavericks 1.9-4 NOTE
r-release-osx-x86_64-snowleopard 1.9-4 NOTE
r-release-windows-ix86+x86_64 1.9-4 17.00 51.00 68.00 NOTE
r-oldrel-windows-ix86+x86_64 1.9-4 24.00 49.00 73.00 NOTE

Check Details

Version: 1.9-4
Check: foreign function calls
Result: NOTE
    Calls with DUP:
     .Fortran("mask", as.logical(mask), mask = as.logical(mask), as.integer(nbins[1]),
     as.integer(switch(d, 1, nbins[2])), as.integer(max(0, henv)),
     PACKAGE = "aws", DUP = FALSE)
     .Fortran("segmgkrv", as.double(y), as.double(varest), as.integer(n1),
     as.integer(n2), as.integer(n3), as.double(hakt), as.double(lambda0),
     as.double(zobj$th), th = double(n), bi = as.double(zobj$bi),
     double(prod(dlw)), as.double(wghts), as.double(fov), maxvalue = double(1),
     minvalue = double(1), PACKAGE = "aws", DUP = FALSE)
     .Fortran("exceed", as.double(KLdist0), as.integer(length(KLdist0)),
     as.double(z), as.integer(nz), exprob = double(nz), PACKAGE = "aws",
     DUP = FALSE)
     .Fortran("exceed", as.double(KLdist0), as.integer(length(KLdist0)),
     as.double(z/ni), as.integer(nz), exprob = double(nz), PACKAGE = "aws",
     DUP = FALSE)
     .Fortran("exceed", as.double(KLdist1), as.integer(length(KLdist1)),
     as.double(z/ni), as.integer(nz), exprob = double(nz), PACKAGE = "aws",
     DUP = FALSE)
    DUP is no longer supported and will be ignored.
Flavors: r-devel-linux-x86_64-debian-gcc, r-devel-windows-ix86+x86_64, r-patched-linux-x86_64, r-release-windows-ix86+x86_64

Version: 1.9-4
Check: foreign function calls
Result: NOTE
    Calls with DUP != TRUE:
     .Fortran("mask", as.logical(mask), mask = as.logical(mask), as.integer(nbins[1]),
     as.integer(switch(d, 1, nbins[2])), as.integer(max(0, henv)),
     PACKAGE = "aws", DUP = FALSE)
     .Fortran("segmgkrv", as.double(y), as.double(varest), as.integer(n1),
     as.integer(n2), as.integer(n3), as.double(hakt), as.double(lambda0),
     as.double(zobj$th), th = double(n), bi = as.double(zobj$bi),
     double(prod(dlw)), as.double(wghts), as.double(fov), maxvalue = double(1),
     minvalue = double(1), PACKAGE = "aws", DUP = FALSE)
     .Fortran("exceed", as.double(KLdist0), as.integer(length(KLdist0)),
     as.double(z), as.integer(nz), exprob = double(nz), PACKAGE = "aws",
     DUP = FALSE)
     .Fortran("exceed", as.double(KLdist0), as.integer(length(KLdist0)),
     as.double(z/ni), as.integer(nz), exprob = double(nz), PACKAGE = "aws",
     DUP = FALSE)
     .Fortran("exceed", as.double(KLdist1), as.integer(length(KLdist1)),
     as.double(z/ni), as.integer(nz), exprob = double(nz), PACKAGE = "aws",
     DUP = FALSE)
    DUP = FALSE is deprecated and will be disabled in future versions of R.
Flavor: r-oldrel-windows-ix86+x86_64