CRAN Package Check Results for Package batade

Last updated on 2015-04-24 23:46:36.

Flavor Version Tinstall Tcheck Ttotal Status Flags
r-devel-linux-x86_64-debian-clang 0.1 0.50 8.16 8.66 NOTE
r-devel-linux-x86_64-debian-gcc 0.1 0.50 8.20 8.69 NOTE
r-devel-linux-x86_64-fedora-clang 0.1 17.49 NOTE
r-devel-linux-x86_64-fedora-gcc 0.1 16.18 NOTE
r-devel-osx-x86_64-clang 0.1 21.51 NOTE
r-devel-windows-ix86+x86_64 0.1 2.00 16.00 18.00 NOTE
r-patched-linux-x86_64 0.1 0.49 8.02 8.51 NOTE
r-patched-solaris-sparc 0.1 119.10 NOTE
r-patched-solaris-x86 0.1 23.70 NOTE
r-release-linux-x86_64 0.1 0.48 8.13 8.60 NOTE
r-release-osx-x86_64-mavericks 0.1 NOTE
r-release-osx-x86_64-snowleopard 0.1 NOTE
r-release-windows-ix86+x86_64 0.1 2.00 16.00 18.00 NOTE
r-oldrel-windows-ix86+x86_64 0.1 3.00 17.00 20.00 NOTE

Check Details

Version: 0.1
Check: dependencies in R code
Result: NOTE
    'library' or 'require' call to ‘hwriter’ which was already attached by Depends.
     Please remove these calls from your code.
Flavors: r-devel-linux-x86_64-debian-gcc, r-devel-windows-ix86+x86_64, r-patched-linux-x86_64, r-release-windows-ix86+x86_64, r-oldrel-windows-ix86+x86_64

Version: 0.1
Check: Rd files
Result: NOTE
    prepare_Rd: mkhtml.Rd:31-33: Dropping empty section \details
    prepare_Rd: mkhtml.Rd:43-45: Dropping empty section \note
    prepare_Rd: mkhtml.Rd:40-42: Dropping empty section \author
    prepare_Rd: mkhtml.Rd:37-39: Dropping empty section \references
    prepare_Rd: mkhtml.Rd:49-51: Dropping empty section \seealso
Flavors: r-devel-linux-x86_64-debian-gcc, r-devel-windows-ix86+x86_64, r-patched-linux-x86_64, r-release-windows-ix86+x86_64, r-oldrel-windows-ix86+x86_64