CRAN Package Check Results for Package berryFunctions

Last updated on 2015-04-24 23:46:36.

Flavor Version Tinstall Tcheck Ttotal Status Flags
r-devel-linux-x86_64-debian-clang 1.7.1 1.17 24.02 25.19 NOTE
r-devel-linux-x86_64-debian-gcc 1.7.1 1.26 23.83 25.10 NOTE
r-devel-linux-x86_64-fedora-clang 1.7.1 47.95 NOTE
r-devel-linux-x86_64-fedora-gcc 1.7.1 46.26 NOTE
r-devel-osx-x86_64-clang 1.7.1 49.56 NOTE
r-devel-windows-ix86+x86_64 1.7.1 4.00 43.00 47.00 NOTE
r-patched-linux-x86_64 1.7.1 1.14 23.17 24.31 NOTE
r-patched-solaris-sparc 1.7.1 309.20 NOTE
r-patched-solaris-x86 1.7.1 58.50 NOTE
r-release-linux-x86_64 1.7.1 1.15 23.10 24.25 NOTE
r-release-osx-x86_64-mavericks 1.7.1 NOTE
r-release-osx-x86_64-snowleopard 1.7.1 NOTE
r-release-windows-ix86+x86_64 1.7.1 3.00 47.00 50.00 NOTE
r-oldrel-windows-ix86+x86_64 1.7.1 5.00 44.00 49.00 OK

Check Details

Version: 1.7.1
Check: DESCRIPTION meta-information
Result: NOTE
    Malformed Description field: should contain one or more complete sentences.
Flavors: r-devel-linux-x86_64-debian-gcc, r-devel-windows-ix86+x86_64, r-patched-linux-x86_64, r-release-windows-ix86+x86_64