CRAN Package Check Results for Package betareg

Last updated on 2015-04-24 23:46:36.

Flavor Version Tinstall Tcheck Ttotal Status Flags
r-devel-linux-x86_64-debian-clang 3.0-5 2.02 92.16 94.18 NOTE
r-devel-linux-x86_64-debian-gcc 3.0-5 1.92 88.94 90.86 NOTE
r-devel-linux-x86_64-fedora-clang 3.0-5 187.90 NOTE
r-devel-linux-x86_64-fedora-gcc 3.0-5 184.30 NOTE
r-devel-osx-x86_64-clang 3.0-5 176.66 NOTE
r-devel-windows-ix86+x86_64 3.0-5 6.00 121.00 127.00 NOTE
r-patched-linux-x86_64 3.0-5 2.38 88.93 91.32 NOTE
r-patched-solaris-sparc 3.0-5 1162.20 NOTE
r-patched-solaris-x86 3.0-5 206.00 NOTE
r-release-linux-x86_64 3.0-5 2.08 92.46 94.55 NOTE
r-release-osx-x86_64-mavericks 3.0-5 NOTE
r-release-osx-x86_64-snowleopard 3.0-5 ERROR
r-release-windows-ix86+x86_64 3.0-5 7.00 126.00 133.00 NOTE
r-oldrel-windows-ix86+x86_64 3.0-5 7.00 133.00 140.00 NOTE

Check Details

Version: 3.0-5
Check: dependencies in R code
Result: NOTE
    'library' or 'require' call to ‘party’ in package code.
     Please use :: or requireNamespace() instead.
     See section 'Suggested packages' in the 'Writing R Extensions' manual.
Flavors: r-devel-linux-x86_64-debian-gcc, r-devel-windows-ix86+x86_64, r-patched-linux-x86_64, r-release-windows-ix86+x86_64, r-oldrel-windows-ix86+x86_64