Last updated on 2015-04-24 23:46:36.
Flavor | Version | Tinstall | Tcheck | Ttotal | Status | Flags |
---|---|---|---|---|---|---|
r-devel-linux-x86_64-debian-clang | 0.4.0 | 1.49 | 10.31 | 11.80 | NOTE | |
r-devel-linux-x86_64-debian-gcc | 0.4.0 | 1.94 | 9.40 | 11.34 | NOTE | |
r-devel-linux-x86_64-fedora-clang | 0.4.0 | 21.82 | NOTE | |||
r-devel-linux-x86_64-fedora-gcc | 0.4.0 | 21.11 | NOTE | |||
r-devel-osx-x86_64-clang | 0.4.0 | 25.16 | NOTE | |||
r-devel-windows-ix86+x86_64 | 0.4.0 | 8.00 | 23.00 | 31.00 | NOTE | |
r-patched-linux-x86_64 | 0.4.0 | 1.97 | 9.89 | 11.86 | NOTE | |
r-patched-solaris-sparc | 0.4.0 | 154.00 | NOTE | |||
r-patched-solaris-x86 | 0.4.0 | 30.10 | NOTE | |||
r-release-linux-x86_64 | 0.4.0 | 1.98 | 10.46 | 12.44 | NOTE | |
r-release-osx-x86_64-mavericks | 0.4.0 | NOTE | ||||
r-release-osx-x86_64-snowleopard | 0.4.0 | NOTE | ||||
r-release-windows-ix86+x86_64 | 0.4.0 | 6.00 | 24.00 | 30.00 | NOTE | |
r-oldrel-windows-ix86+x86_64 | 0.4.0 | 11.00 | 23.00 | 34.00 | OK |
Version: 0.4.0
Check: DESCRIPTION meta-information
Result: NOTE
Malformed Description field: should contain one or more complete sentences.
Flavors: r-devel-linux-x86_64-debian-gcc, r-devel-windows-ix86+x86_64, r-patched-linux-x86_64, r-release-windows-ix86+x86_64