Last updated on 2015-04-24 23:46:36.
Flavor | Version | Tinstall | Tcheck | Ttotal | Status | Flags |
---|---|---|---|---|---|---|
r-devel-linux-x86_64-debian-clang | 4.4.6 | 13.46 | 16.02 | 29.48 | NOTE | |
r-devel-linux-x86_64-debian-gcc | 4.4.6 | 20.55 | 15.88 | 36.44 | NOTE | |
r-devel-linux-x86_64-fedora-clang | 4.4.6 | 58.92 | NOTE | |||
r-devel-linux-x86_64-fedora-gcc | 4.4.6 | 66.71 | NOTE | |||
r-devel-osx-x86_64-clang | 4.4.6 | 53.38 | NOTE | |||
r-patched-linux-x86_64 | 4.4.6 | 18.04 | 16.28 | 34.33 | NOTE | |
r-patched-solaris-sparc | 4.4.6 | 253.90 | ERROR | |||
r-patched-solaris-x86 | 4.4.6 | 88.30 | NOTE | |||
r-release-linux-x86_64 | 4.4.6 | 18.03 | 15.73 | 33.76 | NOTE | |
r-release-osx-x86_64-mavericks | 4.4.6 | NOTE | ||||
r-release-osx-x86_64-snowleopard | 4.4.6 | NOTE |
Version: 4.4.6
Check: compiled code
Result: NOTE
File ‘bigmemory/libs/bigmemory.so’:
Found ‘rand’, possibly from ‘rand’ (C)
Object: ‘BigMatrix.o’
Compiled code should not call entry points which might terminate R nor
write to stdout/stderr instead of to the console, nor the system RNG.
See ‘Writing portable packages’ in the ‘Writing R Extensions’ manual.
Flavors: r-devel-linux-x86_64-debian-gcc, r-patched-linux-x86_64