Last updated on 2015-04-24 23:46:36.
Flavor | Version | Tinstall | Tcheck | Ttotal | Status | Flags |
---|---|---|---|---|---|---|
r-devel-linux-x86_64-debian-clang | 1.0 | 0.55 | 10.03 | 10.58 | NOTE | |
r-devel-linux-x86_64-debian-gcc | 1.0 | 0.50 | 9.99 | 10.49 | NOTE | |
r-devel-linux-x86_64-fedora-clang | 1.0 | 20.06 | NOTE | |||
r-devel-linux-x86_64-fedora-gcc | 1.0 | 19.34 | NOTE | |||
r-devel-osx-x86_64-clang | 1.0 | 24.58 | NOTE | |||
r-devel-windows-ix86+x86_64 | 1.0 | 2.00 | 17.00 | 19.00 | NOTE | |
r-patched-linux-x86_64 | 1.0 | 0.51 | 9.76 | 10.27 | NOTE | |
r-patched-solaris-sparc | 1.0 | 120.60 | NOTE | |||
r-patched-solaris-x86 | 1.0 | 27.00 | NOTE | |||
r-release-linux-x86_64 | 1.0 | 0.52 | 9.70 | 10.23 | NOTE | |
r-release-osx-x86_64-mavericks | 1.0 | NOTE | ||||
r-release-osx-x86_64-snowleopard | 1.0 | NOTE | ||||
r-release-windows-ix86+x86_64 | 1.0 | 2.00 | 18.00 | 20.00 | NOTE | |
r-oldrel-windows-ix86+x86_64 | 1.0 | 3.00 | 18.00 | 21.00 | OK |
Version: 1.0
Check: DESCRIPTION meta-information
Result: NOTE
Malformed Description field: should contain one or more complete sentences.
Flavors: r-devel-linux-x86_64-debian-gcc, r-devel-windows-ix86+x86_64, r-patched-linux-x86_64, r-release-windows-ix86+x86_64