CRAN Package Check Results for Package binomTools

Last updated on 2015-04-24 23:46:36.

Flavor Version Tinstall Tcheck Ttotal Status Flags
r-devel-linux-x86_64-debian-clang 1.0-1 0.77 11.50 12.27 NOTE
r-devel-linux-x86_64-debian-gcc 1.0-1 0.59 11.72 12.30 NOTE
r-devel-linux-x86_64-fedora-clang 1.0-1 22.97 NOTE
r-devel-linux-x86_64-fedora-gcc 1.0-1 22.13 NOTE
r-devel-osx-x86_64-clang 1.0-1 29.56 NOTE
r-devel-windows-ix86+x86_64 1.0-1 2.00 20.00 22.00 NOTE
r-patched-linux-x86_64 1.0-1 0.59 11.97 12.56 NOTE
r-patched-solaris-sparc 1.0-1 151.50 NOTE
r-patched-solaris-x86 1.0-1 31.90 NOTE
r-release-linux-x86_64 1.0-1 0.63 11.47 12.10 NOTE
r-release-osx-x86_64-mavericks 1.0-1 NOTE
r-release-osx-x86_64-snowleopard 1.0-1 NOTE
r-release-windows-ix86+x86_64 1.0-1 2.00 21.00 23.00 NOTE
r-oldrel-windows-ix86+x86_64 1.0-1 3.00 21.00 24.00 NOTE

Check Details

Version: 1.0-1
Check: R code for possible problems
Result: NOTE
    HLtest.Rsq: warning in pchisq(X2, 10 - 2, lower = FALSE): partial
     argument match of ‘lower’ to ‘lower.tail’
    X2GOFtest.Rsq: warning in pnorm(abs(z), lower = FALSE): partial
     argument match of ‘lower’ to ‘lower.tail’
Flavors: r-devel-linux-x86_64-debian-gcc, r-devel-windows-ix86+x86_64, r-patched-linux-x86_64, r-release-windows-ix86+x86_64, r-oldrel-windows-ix86+x86_64