Last updated on 2015-04-24 23:46:45.
Flavor | Version | Tinstall | Tcheck | Ttotal | Status | Flags |
---|---|---|---|---|---|---|
r-devel-linux-x86_64-debian-clang | 1.3.0 | 0.61 | 14.36 | 14.96 | NOTE | |
r-devel-linux-x86_64-debian-gcc | 1.3.0 | 0.60 | 14.56 | 15.16 | NOTE | |
r-devel-linux-x86_64-fedora-clang | 1.3.0 | 30.31 | NOTE | |||
r-devel-linux-x86_64-fedora-gcc | 1.3.0 | 28.64 | NOTE | |||
r-devel-osx-x86_64-clang | 1.3.0 | 30.57 | NOTE | |||
r-devel-windows-ix86+x86_64 | 1.3.0 | 3.00 | 30.00 | 33.00 | NOTE | |
r-patched-linux-x86_64 | 1.3.0 | 0.62 | 14.58 | 15.20 | NOTE | |
r-patched-solaris-sparc | 1.3.0 | 217.80 | NOTE | |||
r-patched-solaris-x86 | 1.3.0 | 43.30 | NOTE | |||
r-release-linux-x86_64 | 1.3.0 | 0.60 | 14.72 | 15.32 | NOTE | |
r-release-osx-x86_64-mavericks | 1.3.0 | NOTE | ||||
r-release-osx-x86_64-snowleopard | 1.3.0 | ERROR | ||||
r-release-windows-ix86+x86_64 | 1.3.0 | 2.00 | 27.00 | 29.00 | NOTE | |
r-oldrel-windows-ix86+x86_64 | 1.3.0 | 2.00 | 29.00 | 31.00 | NOTE |
Version: 1.3.0
Check: DESCRIPTION meta-information
Result: NOTE
Malformed Title field: should not end in a period.
Flavors: r-devel-linux-x86_64-debian-gcc, r-devel-windows-ix86+x86_64, r-patched-linux-x86_64, r-release-windows-ix86+x86_64
Version: 1.3.0
Check: re-building of vignette outputs
Result: NOTE
Error in re-building vignettes:
...
Warning: running command '"rst2pdf" "optparse.rst" -o "optparse.pdf" ' had status 127
Error: processing vignette 'optparse.Rrst' failed with diagnostics:
conversion by rst2pdf failed!
Execution halted
Flavors: r-devel-windows-ix86+x86_64, r-release-windows-ix86+x86_64, r-oldrel-windows-ix86+x86_64