Last updated on 2015-09-06 23:47:16.
Flavor | Version | Tinstall | Tcheck | Ttotal | Status | Flags |
---|---|---|---|---|---|---|
r-devel-linux-x86_64-debian-clang | 0.1-4 | 1.55 | 24.73 | 26.28 | NOTE | |
r-devel-linux-x86_64-debian-gcc | 0.1-4 | 1.51 | 23.11 | 24.62 | NOTE | |
r-devel-linux-x86_64-fedora-clang | 0.1-4 | 47.87 | NOTE | |||
r-devel-linux-x86_64-fedora-gcc | 0.1-4 | 44.39 | NOTE | |||
r-devel-osx-x86_64-clang | 0.1-4 | 44.16 | OK | |||
r-devel-windows-ix86+x86_64 | 0.1-4 | 7.00 | 40.00 | 47.00 | NOTE | |
r-patched-linux-x86_64 | 0.1-4 | 1.70 | 25.33 | 27.03 | OK | |
r-patched-solaris-sparc | 0.1-4 | 327.10 | OK | |||
r-patched-solaris-x86 | 0.1-4 | 71.40 | OK | |||
r-release-linux-x86_64 | 0.1-4 | 1.68 | 24.19 | 25.87 | OK | |
r-release-osx-x86_64-mavericks | 0.1-4 | OK | ||||
r-release-windows-ix86+x86_64 | 0.1-4 | 11.00 | 35.00 | 46.00 | OK | |
r-oldrel-windows-ix86+x86_64 | 0.1-4 | 18.00 | 60.00 | 78.00 | OK |
Version: 0.1-4
Check: R code for possible problems
Result: NOTE
basisSpline: no visible global function definition for ‘splinefun’
do.fit: no visible global function definition for ‘as.relistable’
do.fit: no visible global function definition for ‘tail’
get.deriv: no visible global function definition for ‘pnorm’
get.hess: no visible global function definition for ‘pnorm’
get.posterior: no visible global function definition for ‘relist’
logLikelihoodSignal: no visible global function definition for ‘pnorm’
logLikelihoodSignalAnalyt: no visible global function definition for
‘pnorm’
mPlot.sqa: no visible global function definition for ‘par’
mPlot.sqa: no visible global function definition for ‘plot’
read.data: no visible global function definition for ‘read.table’
read.sqa: no visible global function definition for ‘read.table’
read.sqb: no visible global function definition for ‘read.table’
step2: no visible global function definition for ‘plot’
step7: no visible global function definition for ‘plot’
step7: no visible global function definition for ‘lines’
test.signal: no visible global function definition for ‘rexp’
test.signal: no visible global function definition for ‘runif’
test.signal: no visible global function definition for ‘rnorm’
write.fit.results: no visible global function definition for
‘write.table’
write.fix: no visible global function definition for ‘write.table’
Undefined global functions or variables:
as.relistable lines par plot pnorm read.table relist rexp rnorm runif
splinefun tail write.table
Consider adding
importFrom("graphics", "lines", "par", "plot")
importFrom("stats", "pnorm", "rexp", "rnorm", "runif", "splinefun")
importFrom("utils", "as.relistable", "read.table", "relist", "tail",
"write.table")
to your NAMESPACE.
Flavors: r-devel-linux-x86_64-debian-clang, r-devel-linux-x86_64-debian-gcc, r-devel-linux-x86_64-fedora-clang, r-devel-linux-x86_64-fedora-gcc, r-devel-windows-ix86+x86_64