CRAN Package Check Results for Package BEQI2

Last updated on 2015-09-06 23:47:16.

Flavor Version Tinstall Tcheck Ttotal Status Flags
r-devel-linux-x86_64-debian-clang 2.0-0 1.35 23.26 24.60 NOTE
r-devel-linux-x86_64-debian-gcc 2.0-0 1.35 21.88 23.23 NOTE
r-devel-linux-x86_64-fedora-clang 2.0-0 45.47 NOTE
r-devel-linux-x86_64-fedora-gcc 2.0-0 44.25 NOTE
r-devel-osx-x86_64-clang 2.0-0 48.97 OK
r-devel-windows-ix86+x86_64 2.0-0 5.00 42.00 47.00 NOTE
r-patched-linux-x86_64 2.0-0 1.38 23.76 25.13 OK
r-patched-solaris-sparc 2.0-0 316.40 OK
r-patched-solaris-x86 2.0-0 73.20 OK
r-release-linux-x86_64 2.0-0 1.38 23.06 24.45 OK
r-release-osx-x86_64-mavericks 2.0-0 OK
r-release-windows-ix86+x86_64 2.0-0 6.00 39.00 45.00 OK
r-oldrel-windows-ix86+x86_64 2.0-0 11.00 53.00 64.00 OK

Check Details

Version: 2.0-0
Check: R code for possible problems
Result: NOTE
    beqi2: no visible global function definition for ‘na.omit’
    beqi2: no visible global function definition for ‘browseURL’
    readAMBI: no visible global function definition for ‘read.csv’
    readBEQI: no visible global function definition for ‘read.csv’
    readERF: no visible global function definition for ‘read.csv’
    readTWN: no visible global function definition for ‘read.csv’
    read_ITI_FIBI: no visible global function definition for ‘read.csv’
    Undefined global functions or variables:
     browseURL na.omit read.csv
    Consider adding
     importFrom("stats", "na.omit")
     importFrom("utils", "browseURL", "read.csv")
    to your NAMESPACE.
Flavors: r-devel-linux-x86_64-debian-clang, r-devel-linux-x86_64-debian-gcc, r-devel-linux-x86_64-fedora-clang, r-devel-linux-x86_64-fedora-gcc, r-devel-windows-ix86+x86_64