Last updated on 2015-09-06 23:47:16.
Flavor | Version | Tinstall | Tcheck | Ttotal | Status | Flags |
---|---|---|---|---|---|---|
r-devel-linux-x86_64-debian-clang | 1.0 | 2.60 | 35.35 | 37.96 | NOTE | |
r-devel-linux-x86_64-debian-gcc | 1.0 | 2.60 | 33.75 | 36.35 | NOTE | |
r-devel-linux-x86_64-fedora-clang | 1.0 | 73.34 | NOTE | |||
r-devel-linux-x86_64-fedora-gcc | 1.0 | 69.58 | NOTE | |||
r-devel-osx-x86_64-clang | 1.0 | 59.27 | OK | |||
r-devel-windows-ix86+x86_64 | 1.0 | 7.00 | 55.00 | 62.00 | NOTE | |
r-patched-linux-x86_64 | 1.0 | 2.84 | 35.36 | 38.20 | OK | |
r-patched-solaris-sparc | 1.0 | 480.90 | OK | |||
r-patched-solaris-x86 | 1.0 | 103.50 | OK | |||
r-release-linux-x86_64 | 1.0 | 2.69 | 34.56 | 37.25 | OK | |
r-release-osx-x86_64-mavericks | 1.0 | OK | ||||
r-release-windows-ix86+x86_64 | 1.0 | 11.00 | 81.00 | 92.00 | OK | |
r-oldrel-windows-ix86+x86_64 | 1.0 | 14.00 | 63.00 | 77.00 | OK |
Version: 1.0
Check: R code for possible problems
Result: NOTE
BBprob: no visible global function definition for ‘dbinom’
BinaryEPPM: no visible global function definition for ‘model.frame’
BinaryEPPM: no visible global function definition for ‘update’
BinaryEPPM: no visible global function definition for ‘model.matrix’
BinaryEPPM: no visible global function definition for ‘glm’
BinaryEPPM: no visible global function definition for ‘binomial’
BinaryEPPM: no visible global function definition for ‘coefficients’
BinaryEPPM: no visible global function definition for ‘gaussian’
BinaryEPPM: no visible global function definition for ‘optim’
BinaryEPPM: no visible global function definition for ‘nlm’
CBprob: no visible global function definition for ‘dbinom’
GBprob: no visible global function definition for ‘dbinom’
Model.JMVGB: no visible global function definition for ‘uniroot’
Model.JMVGB: no visible global function definition for ‘dbinom’
Undefined global functions or variables:
binomial coefficients dbinom gaussian glm model.frame model.matrix
nlm optim uniroot update
Consider adding
importFrom("stats", "binomial", "coefficients", "dbinom", "gaussian",
"glm", "model.frame", "model.matrix", "nlm", "optim",
"uniroot", "update")
to your NAMESPACE.
Flavors: r-devel-linux-x86_64-debian-clang, r-devel-linux-x86_64-debian-gcc, r-devel-linux-x86_64-fedora-clang, r-devel-linux-x86_64-fedora-gcc, r-devel-windows-ix86+x86_64