CRAN Package Check Results for Package Boom

Last updated on 2015-09-06 23:47:17.

Flavor Version Tinstall Tcheck Ttotal Status Flags
r-devel-linux-x86_64-debian-clang 0.2 680.20 17.44 697.64 NOTE
r-devel-linux-x86_64-debian-gcc 0.2 931.55 17.54 949.10 NOTE
r-devel-linux-x86_64-fedora-clang 0.2 1515.71 NOTE
r-devel-linux-x86_64-fedora-gcc 0.2 1719.06 NOTE
r-devel-osx-x86_64-clang 0.2 975.07 NOTE
r-devel-windows-ix86+x86_64 0.2 2843.00 30.00 2873.00 NOTE
r-patched-linux-x86_64 0.2 930.28 17.70 947.98 NOTE
r-release-linux-x86_64 0.2 931.64 18.03 949.66 NOTE
r-release-osx-x86_64-mavericks 0.2 NOTE
r-release-windows-ix86+x86_64 0.2 3626.00 44.00 3670.00 NOTE
r-oldrel-windows-ix86+x86_64 0.2 4165.00 31.00 4196.00 NOTE

Check Details

Version: 0.2
Check: for portable file names
Result: NOTE
    Found the following non-portable file paths:
     Boom/inst/include/Models/PointProcess/PosteriorSamplers/HomogeneousPoissonProcessPosteriorSampler.hpp
     Boom/inst/include/Models/PointProcess/PosteriorSamplers/MarkovModulatedPoissonProcessPosteriorSampler.hpp
    
    Tarballs are only required to store paths of up to 100 bytes and cannot
    store those of more than 256 bytes, with restrictions including to 100
    bytes for the final component.
    See section ‘Package structure’ in the ‘Writing R Extensions’ manual.
Flavors: r-devel-linux-x86_64-debian-clang, r-devel-linux-x86_64-debian-gcc, r-devel-linux-x86_64-fedora-clang, r-devel-linux-x86_64-fedora-gcc, r-devel-osx-x86_64-clang, r-devel-windows-ix86+x86_64, r-patched-linux-x86_64, r-release-linux-x86_64, r-release-osx-x86_64-mavericks, r-release-windows-ix86+x86_64, r-oldrel-windows-ix86+x86_64

Version: 0.2
Check: installed package size
Result: NOTE
     installed size is 187.0Mb
     sub-directories of 1Mb or more:
     include 2.3Mb
     lib 184.5Mb
Flavors: r-devel-linux-x86_64-debian-clang, r-devel-linux-x86_64-debian-gcc, r-devel-linux-x86_64-fedora-clang, r-devel-linux-x86_64-fedora-gcc, r-devel-osx-x86_64-clang, r-devel-windows-ix86+x86_64, r-patched-linux-x86_64, r-release-linux-x86_64, r-release-osx-x86_64-mavericks, r-release-windows-ix86+x86_64, r-oldrel-windows-ix86+x86_64

Version: 0.2
Check: R code for possible problems
Result: NOTE
    AddExternalLegend: no visible global function definition for ‘par’
    AddExternalLegend: no visible global function definition for ‘plot’
    AddExternalLegend: no visible global function definition for ‘legend’
    AddSegments: no visible global function definition for ‘segments’
    BoxplotMcmcMatrix: no visible global function definition for ‘par’
    BoxplotMcmcMatrix: no visible global function definition for ‘boxplot’
    BoxplotMcmcMatrix: no visible global function definition for ‘box’
    BoxplotMcmcMatrix: no visible global function definition for ‘axis’
    BoxplotMcmcMatrix: no visible global function definition for ‘mtext’
    BoxplotTrue: no visible global function definition for ‘boxplot’
    CompareDensities: no visible global function definition for ‘density’
    CompareDensities: no visible global function definition for ‘plot’
    CompareDensities: no visible global function definition for ‘lines’
    CompareDensities: no visible global function definition for ‘legend’
    CompareManyDensities : GetDensityLimits : dmax: no visible global
     function definition for ‘density’
    CompareManyDensities: no visible global function definition for
     ‘strheight’
    CompareManyDensities: no visible global function definition for
     ‘layout’
    CompareManyDensities: no visible global function definition for ‘lcm’
    CompareManyDensities: no visible global function definition for
     ‘strwidth’
    CompareManyDensities: no visible global function definition for ‘par’
    CompareManyDensities: no visible global function definition for
     ‘abline’
    CompareManyDensities: no visible global function definition for
     ‘boxplot’
    CompareManyDensities: no visible global function definition for ‘mtext’
    CompareManyDensities: no visible global function definition for ‘plot’
    CompareManyDensities: no visible global function definition for ‘axis’
    CompareManyDensities: no visible global function definition for
     ‘legend’
    CompareManyDensities: no visible global function definition for ‘title’
    CompareManyTs : add.refline: no visible global function definition for
     ‘abline’
    CompareManyTs: no visible global function definition for ‘par’
    CompareManyTs: no visible global function definition for ‘plot’
    CompareManyTs: no visible global function definition for ‘lines’
    CompareManyTs: no visible global function definition for ‘text’
    CompareManyTs: no visible global function definition for ‘box’
    CompareManyTs: no visible global function definition for ‘axis’
    CompareVectorBoxplots: no visible global function definition for
     ‘boxplot’
    CompareVectorBoxplots: no visible global function definition for ‘axis’
    CompareVectorBoxplots: no visible global function definition for ‘box’
    CompareVectorBoxplots: no visible global function definition for
     ‘abline’
    CompareVectorBoxplots: no visible global function definition for
     ‘legend’
    ExternalLegendLayout: no visible global function definition for ‘par’
    ExternalLegendLayout: no visible global function definition for
     ‘layout’
    ExternalLegendLayout: no visible global function definition for
     ‘strheight’
    ExternalLegendLayout: no visible global function definition for ‘lcm’
    ExternalLegendLayout: no visible global function definition for
     ‘strwidth’
    PairsDensity: no visible global function definition for ‘par’
    PairsDensity: no visible global function definition for ‘layout’
    PairsDensity: no visible global function definition for ‘plot’
    PairsDensity: no visible global function definition for ‘density’
    PairsDensity: no visible global function definition for ‘box’
    PairsDensity: no visible global function definition for ‘axis’
    PairsDensity: no visible global function definition for ‘mtext’
    PlotDensityContours: no visible global function definition for
     ‘contour’
    PlotDynamicDistribution : .FilledPlot: no visible global function
     definition for ‘plot’
    PlotDynamicDistribution : .FilledPlot: no visible global function
     definition for ‘polygon’
    PlotDynamicDistribution: no visible binding for global variable
     ‘quantile’
    PlotDynamicDistribution: no visible global function definition for
     ‘gray’
    PlotDynamicDistribution: no visible global function definition for
     ‘box’
    PlotDynamicDistribution: no visible global function definition for
     ‘axis.Date’
    PlotDynamicDistribution: no visible global function definition for
     ‘axis.POSIXct’
    PlotDynamicDistribution: no visible global function definition for
     ‘axis’
    PlotMacf: no visible global function definition for ‘acf’
    PlotMacf: no visible global function definition for ‘par’
    PlotMacf: no visible global function definition for ‘sd’
    PlotMacf: no visible global function definition for ‘plot’
    PlotMacf: no visible global function definition for ‘axis’
    PlotMacf: no visible global function definition for ‘box’
    PlotMacf: no visible global function definition for ‘abline’
    PlotMacf: no visible global function definition for ‘mtext’
    PlotManyTs : add.refline: no visible global function definition for
     ‘abline’
    PlotManyTs: no visible global function definition for ‘par’
    PlotManyTs: no visible global function definition for ‘plot’
    PlotManyTs: no visible global function definition for ‘text’
    PlotManyTs: no visible global function definition for ‘abline’
    PlotManyTs: no visible global function definition for ‘box’
    PlotManyTs: no visible global function definition for ‘axis’
    Undefined global functions or variables:
     abline acf axis axis.Date axis.POSIXct box boxplot contour density
     gray layout lcm legend lines mtext par plot polygon quantile sd
     segments strheight strwidth text title
    Consider adding
     importFrom("grDevices", "gray")
     importFrom("graphics", "abline", "axis", "axis.Date", "axis.POSIXct",
     "box", "boxplot", "contour", "layout", "lcm", "legend",
     "lines", "mtext", "par", "plot", "polygon", "segments",
     "strheight", "strwidth", "text", "title")
     importFrom("stats", "acf", "density", "quantile", "sd")
    to your NAMESPACE.
Flavors: r-devel-linux-x86_64-debian-clang, r-devel-linux-x86_64-debian-gcc, r-devel-linux-x86_64-fedora-clang, r-devel-linux-x86_64-fedora-gcc, r-devel-windows-ix86+x86_64

Version: 0.2
Check: for GNU extensions in Makefiles
Result: NOTE
    GNU make is a SystemRequirements.
Flavors: r-devel-linux-x86_64-debian-clang, r-devel-linux-x86_64-debian-gcc, r-devel-linux-x86_64-fedora-clang, r-devel-linux-x86_64-fedora-gcc, r-devel-osx-x86_64-clang, r-devel-windows-ix86+x86_64, r-patched-linux-x86_64, r-release-linux-x86_64, r-release-osx-x86_64-mavericks, r-release-windows-ix86+x86_64, r-oldrel-windows-ix86+x86_64