Last updated on 2015-09-06 23:47:21.
Flavor | Version | Tinstall | Tcheck | Ttotal | Status | Flags |
---|---|---|---|---|---|---|
r-devel-linux-x86_64-debian-clang | 0.1 | 0.74 | 12.30 | 13.03 | NOTE | |
r-devel-linux-x86_64-debian-gcc | 0.1 | 0.69 | 11.89 | 12.58 | NOTE | |
r-devel-linux-x86_64-fedora-clang | 0.1 | 23.87 | NOTE | |||
r-devel-linux-x86_64-fedora-gcc | 0.1 | 22.43 | NOTE | |||
r-devel-osx-x86_64-clang | 0.1 | 24.85 | OK | |||
r-devel-windows-ix86+x86_64 | 0.1 | 4.00 | 30.00 | 34.00 | NOTE | |
r-patched-linux-x86_64 | 0.1 | 0.76 | 13.24 | 14.00 | OK | |
r-patched-solaris-sparc | 0.1 | 163.20 | OK | |||
r-patched-solaris-x86 | 0.1 | 36.10 | OK | |||
r-release-linux-x86_64 | 0.1 | 0.76 | 12.98 | 13.74 | OK | |
r-release-osx-x86_64-mavericks | 0.1 | OK | ||||
r-release-windows-ix86+x86_64 | 0.1 | 6.00 | 23.00 | 29.00 | OK | |
r-oldrel-windows-ix86+x86_64 | 0.1 | 10.00 | 27.00 | 37.00 | OK |
Version: 0.1
Check: R code for possible problems
Result: NOTE
checkShinyVersion: no visible global function definition for
‘packageVersion’
convertIdx: no visible global function definition for ‘setNames’
copySWF: no visible global function definition for ‘file_test’
datatable: no visible global function definition for ‘modifyList’
datatable: no visible global function definition for ‘setNames’
datatable : <anonymous>: no visible global function definition for
‘object.size’
name2int: no visible global function definition for ‘setNames’
shinyFun: no visible global function definition for ‘getFromNamespace’
Undefined global functions or variables:
file_test getFromNamespace modifyList object.size packageVersion
setNames
Consider adding
importFrom("stats", "setNames")
importFrom("utils", "file_test", "getFromNamespace", "modifyList",
"object.size", "packageVersion")
to your NAMESPACE.
Flavors: r-devel-linux-x86_64-debian-clang, r-devel-linux-x86_64-debian-gcc, r-devel-linux-x86_64-fedora-clang, r-devel-linux-x86_64-fedora-gcc, r-devel-windows-ix86+x86_64