CRAN Package Check Results for Package DataCombine

Last updated on 2015-09-06 23:47:20.

Flavor Version Tinstall Tcheck Ttotal Status Flags
r-devel-linux-x86_64-debian-clang 0.2.9 1.34 19.98 21.32 NOTE
r-devel-linux-x86_64-debian-gcc 0.2.9 1.32 19.28 20.60 NOTE
r-devel-linux-x86_64-fedora-clang 0.2.9 41.57 NOTE
r-devel-linux-x86_64-fedora-gcc 0.2.9 39.27 NOTE
r-devel-osx-x86_64-clang 0.2.9 37.88 OK
r-devel-windows-ix86+x86_64 0.2.9 5.00 39.00 44.00 NOTE
r-patched-linux-x86_64 0.2.9 1.50 21.38 22.89 OK
r-patched-solaris-sparc 0.2.9 292.90 OK
r-patched-solaris-x86 0.2.9 62.10 OK
r-release-linux-x86_64 0.2.9 1.46 20.13 21.59 OK
r-release-osx-x86_64-mavericks 0.2.9 OK
r-release-windows-ix86+x86_64 0.2.9 8.00 34.00 42.00 OK
r-oldrel-windows-ix86+x86_64 0.2.9 12.00 59.00 71.00 OK

Check Details

Version: 0.2.9
Check: R code for possible problems
Result: NOTE
    FillIn: no visible global function definition for ‘cor’
    ma: no visible global function definition for ‘ts’
    ma: no visible global function definition for ‘ksmooth’
    ma: no visible global function definition for ‘tsp<-’
    ma: no visible global function definition for ‘tsp’
    shift: no visible global function definition for ‘tail’
    shift: no visible global function definition for ‘head’
    Undefined global functions or variables:
     cor head ksmooth tail ts tsp tsp<-
    Consider adding
     importFrom("stats", "cor", "ksmooth", "ts", "tsp", "tsp<-")
     importFrom("utils", "head", "tail")
    to your NAMESPACE.
Flavors: r-devel-linux-x86_64-debian-clang, r-devel-linux-x86_64-debian-gcc, r-devel-linux-x86_64-fedora-clang, r-devel-linux-x86_64-fedora-gcc, r-devel-windows-ix86+x86_64