CRAN Package Check Results for Package DepthProc

Last updated on 2015-09-06 23:47:20.

Flavor Version Tinstall Tcheck Ttotal Status Flags
r-devel-linux-x86_64-debian-clang 1.0.3 54.68 37.24 91.92 NOTE
r-devel-linux-x86_64-debian-gcc 1.0.3 59.23 34.14 93.38 NOTE
r-devel-linux-x86_64-fedora-clang 1.0.3 208.53 NOTE
r-devel-linux-x86_64-fedora-gcc 1.0.3 176.72 NOTE
r-devel-osx-x86_64-clang 1.0.3 124.89 NOTE
r-devel-windows-ix86+x86_64 1.0.3 177.00 108.00 285.00 NOTE
r-patched-linux-x86_64 1.0.3 55.95 36.36 92.31 NOTE
r-patched-solaris-sparc 1.0.3 1064.70 NOTE
r-patched-solaris-x86 1.0.3 211.60 NOTE
r-release-linux-x86_64 1.0.3 56.61 36.20 92.81 NOTE
r-release-osx-x86_64-mavericks 1.0.3 OK
r-release-windows-ix86+x86_64 1.0.3 252.00 94.00 346.00 NOTE
r-oldrel-windows-ix86+x86_64 1.0.3 237.00 147.00 384.00 NOTE

Check Details

Version: 1.0.3
Check: R code for possible problems
Result: NOTE
    .addAlpha: no visible binding for global variable ‘col2rgb’
    .addAlpha : <anonymous>: no visible global function definition for
     ‘rgb’
    .depthLocal: no visible global function definition for ‘quantile’
    .sampleData : <anonymous>: no visible global function definition for
     ‘rnorm’
    asymmetryCurve: no visible global function definition for ‘na.omit’
    binningDepth2D : createBin: no visible global function definition for
     ‘mad’
    ddMvnorm: no visible global function definition for ‘cov’
    ddMvnorm: no visible global function definition for ‘quantile’
    ddPlot: no visible global function definition for ‘cov’
    ddPlot: no visible global function definition for ‘median’
    depthContour: no visible global function definition for ‘extendrange’
    depthContour: no visible binding for global variable ‘filled.contour’
    depthPersp: no visible global function definition for ‘extendrange’
    depthTukey : tukey1d: no visible global function definition for ‘ecdf’
    mWilcoxonTest: no visible global function definition for ‘wilcox.test’
    scaleCurve: no visible global function definition for ‘na.omit’
    trimProjReg2d: no visible global function definition for ‘quantile’
    trimProjReg2d: no visible global function definition for ‘lm’
    as.matrix,DepthCurveList: no visible binding for global variable
     ‘object’
    lsdAddContour,LSDepthContour: no visible global function definition for
     ‘polygon’
    plot,BinnDepth2d-ANY: no visible global function definition for
     ‘extendrange’
    plot,BinnDepth2d-ANY: no visible global function definition for ‘rect’
    plot,BinnDepth2d-ANY: no visible global function definition for ‘rgb’
    plot,BinnDepth2d-ANY: no visible global function definition for
     ‘segments’
    plot,BinnDepth2d-ANY: no visible global function definition for
     ‘points’
    plot,DepthDensity-ANY: no visible global function definition for
     ‘lines’
    plot,DepthMBD-ANY: no visible global function definition for ‘matplot’
    plot,DepthMBD-ANY: no visible global function definition for ‘quantile’
    plot,DepthMBD-ANY: no visible global function definition for
     ‘gray.colors’
    plot,DepthMBD-ANY: no visible global function definition for ‘polygon’
    plot,DepthMBD-ANY : <anonymous>: no visible global function definition
     for ‘lines’
    plot,DepthMBD-ANY: no visible global function definition for ‘lines’
    plot,LSDepthContour-ANY: no visible global function definition for
     ‘tail’
    Undefined global functions or variables:
     col2rgb cov ecdf extendrange filled.contour gray.colors lines lm mad
     matplot median na.omit object points polygon quantile rect rgb rnorm
     segments tail wilcox.test
    Consider adding
     importFrom("grDevices", "col2rgb", "extendrange", "gray.colors", "rgb")
     importFrom("graphics", "filled.contour", "lines", "matplot", "points",
     "polygon", "rect", "segments")
     importFrom("stats", "cov", "ecdf", "lm", "mad", "median", "na.omit",
     "quantile", "rnorm", "wilcox.test")
     importFrom("utils", "tail")
    to your NAMESPACE.
Flavors: r-devel-linux-x86_64-debian-clang, r-devel-linux-x86_64-debian-gcc, r-devel-linux-x86_64-fedora-clang, r-devel-linux-x86_64-fedora-gcc, r-devel-windows-ix86+x86_64

Version: 1.0.3
Check: installed package size
Result: NOTE
     installed size is 5.5Mb
     sub-directories of 1Mb or more:
     libs 4.2Mb
Flavors: r-devel-linux-x86_64-debian-gcc, r-devel-linux-x86_64-fedora-gcc, r-patched-linux-x86_64, r-release-linux-x86_64

Version: 1.0.3
Check: R code for possible problems
Result: NOTE
    as.matrix,DepthCurveList: no visible binding for global variable
     ‘object’
    Undefined global functions or variables:
     object
Flavor: r-devel-osx-x86_64-clang

Version: 1.0.3
Check: R code for possible problems
Result: NOTE
    as.matrix,DepthCurveList : .local: no visible binding for global
     variable ‘object’
Flavors: r-patched-linux-x86_64, r-patched-solaris-sparc, r-patched-solaris-x86, r-release-linux-x86_64, r-release-windows-ix86+x86_64, r-oldrel-windows-ix86+x86_64