Last updated on 2015-09-06 23:47:20.
Flavor | Version | Tinstall | Tcheck | Ttotal | Status | Flags |
---|---|---|---|---|---|---|
r-devel-linux-x86_64-debian-clang | 0.2.4 | 1.20 | 24.30 | 25.50 | NOTE | |
r-devel-linux-x86_64-debian-gcc | 0.2.4 | 1.56 | 24.18 | 25.74 | NOTE | |
r-devel-linux-x86_64-fedora-clang | 0.2.4 | 49.01 | NOTE | |||
r-devel-linux-x86_64-fedora-gcc | 0.2.4 | 46.45 | NOTE | |||
r-devel-osx-x86_64-clang | 0.2.4 | 44.42 | NOTE | |||
r-devel-windows-ix86+x86_64 | 0.2.4 | 5.00 | 53.00 | 58.00 | NOTE | |
r-patched-linux-x86_64 | 0.2.4 | 1.24 | 25.88 | 27.12 | NOTE | |
r-patched-solaris-sparc | 0.2.4 | 317.70 | NOTE | |||
r-patched-solaris-x86 | 0.2.4 | 68.20 | NOTE | |||
r-release-linux-x86_64 | 0.2.4 | 1.27 | 24.88 | 26.15 | NOTE | |
r-release-osx-x86_64-mavericks | 0.2.4 | NOTE | ||||
r-release-windows-ix86+x86_64 | 0.2.4 | 7.00 | 41.00 | 48.00 | NOTE | |
r-oldrel-windows-ix86+x86_64 | 0.2.4 | 13.00 | 60.00 | 73.00 | NOTE |
Version: 0.2.4
Check: DESCRIPTION meta-information
Result: NOTE
Malformed Description field: should contain one or more complete sentences.
Deprecated license: BSD
Flavors: r-devel-linux-x86_64-debian-clang, r-devel-linux-x86_64-debian-gcc, r-devel-linux-x86_64-fedora-clang, r-devel-linux-x86_64-fedora-gcc, r-devel-osx-x86_64-clang, r-patched-linux-x86_64, r-patched-solaris-sparc, r-patched-solaris-x86, r-release-linux-x86_64, r-release-osx-x86_64-mavericks
Version: 0.2.4
Check: top-level files
Result: NOTE
Non-standard files/directories found at top level:
‘ggobi-xml’ ‘load.r’ ‘write-xml.rnw’
Flavors: r-devel-linux-x86_64-debian-clang, r-devel-linux-x86_64-debian-gcc, r-devel-linux-x86_64-fedora-clang, r-devel-linux-x86_64-fedora-gcc, r-patched-linux-x86_64, r-release-linux-x86_64
Version: 0.2.4
Check: dependencies in R code
Result: NOTE
Package in Depends field not imported from: ‘proto’
These packages need to be imported from (in the NAMESPACE file)
for when this namespace is loaded but not attached.
Flavors: r-devel-linux-x86_64-debian-clang, r-devel-linux-x86_64-debian-gcc, r-devel-linux-x86_64-fedora-clang, r-devel-linux-x86_64-fedora-gcc, r-devel-osx-x86_64-clang, r-devel-windows-ix86+x86_64, r-patched-linux-x86_64, r-patched-solaris-sparc, r-patched-solaris-x86, r-release-linux-x86_64, r-release-osx-x86_64-mavericks, r-release-windows-ix86+x86_64, r-oldrel-windows-ix86+x86_64
Version: 0.2.4
Check: R code for possible problems
Result: NOTE
dd_load : <anonymous>: no visible binding for global variable ‘rgb’
dd_points: no visible binding for global variable ‘rgb’
print.dd: no visible global function definition for ‘str’
zeeThemAll: no visible global function definition for ‘example’
Undefined global functions or variables:
example rgb str
Consider adding
importFrom("grDevices", "rgb")
importFrom("utils", "example", "str")
to your NAMESPACE.
Flavors: r-devel-linux-x86_64-debian-clang, r-devel-linux-x86_64-debian-gcc, r-devel-linux-x86_64-fedora-clang, r-devel-linux-x86_64-fedora-gcc, r-devel-windows-ix86+x86_64
Version: 0.2.4
Check: DESCRIPTION meta-information
Result: NOTE
Malformed Description field: should contain one or more complete sentences.
Flavors: r-devel-windows-ix86+x86_64, r-release-windows-ix86+x86_64