Last updated on 2015-09-06 23:47:20.
Flavor | Version | Tinstall | Tcheck | Ttotal | Status | Flags |
---|---|---|---|---|---|---|
r-devel-linux-x86_64-debian-clang | 0.7 | 1.30 | 18.87 | 20.18 | NOTE | |
r-devel-linux-x86_64-debian-gcc | 0.7 | 1.29 | 18.80 | 20.09 | NOTE | |
r-devel-linux-x86_64-fedora-clang | 0.7 | 36.68 | NOTE | |||
r-devel-linux-x86_64-fedora-gcc | 0.7 | 34.94 | NOTE | |||
r-devel-osx-x86_64-clang | 0.7 | 37.49 | NOTE | |||
r-devel-windows-ix86+x86_64 | 0.7 | 7.00 | 40.00 | 47.00 | NOTE | |
r-patched-linux-x86_64 | 0.7 | 1.35 | 19.57 | 20.92 | NOTE | |
r-patched-solaris-sparc | 0.7 | 244.90 | NOTE | |||
r-patched-solaris-x86 | 0.7 | 51.50 | NOTE | |||
r-release-linux-x86_64 | 0.7 | 1.30 | 19.81 | 21.11 | NOTE | |
r-release-osx-x86_64-mavericks | 0.7 | NOTE | ||||
r-release-windows-ix86+x86_64 | 0.7 | 10.00 | 40.00 | 50.00 | NOTE | |
r-oldrel-windows-ix86+x86_64 | 0.7 | 12.00 | 52.00 | 64.00 | NOTE |
Version: 0.7
Check: installed package size
Result: NOTE
installed size is 6.8Mb
sub-directories of 1Mb or more:
doc 1.4Mb
htmlwidgets 3.2Mb
img 2.0Mb
Flavors: r-devel-linux-x86_64-debian-clang, r-devel-linux-x86_64-debian-gcc, r-devel-linux-x86_64-fedora-clang, r-devel-linux-x86_64-fedora-gcc, r-devel-osx-x86_64-clang, r-devel-windows-ix86+x86_64, r-patched-linux-x86_64, r-patched-solaris-sparc, r-patched-solaris-x86, r-release-linux-x86_64, r-release-osx-x86_64-mavericks, r-release-windows-ix86+x86_64, r-oldrel-windows-ix86+x86_64
Version: 0.7
Check: R code for possible problems
Result: NOTE
exportSVG: no visible global function definition for ‘packageVersion’
roll_palette : display_in_viewer: no visible global function definition
for ‘plot’
roll_palette : display_in_viewer: no visible global function definition
for ‘rect’
Undefined global functions or variables:
packageVersion plot rect
Consider adding
importFrom("graphics", "plot", "rect")
importFrom("utils", "packageVersion")
to your NAMESPACE.
Flavors: r-devel-linux-x86_64-debian-clang, r-devel-linux-x86_64-debian-gcc, r-devel-linux-x86_64-fedora-clang, r-devel-linux-x86_64-fedora-gcc, r-devel-windows-ix86+x86_64
Version: 0.7
Check: package dependencies
Result: NOTE
Package suggested but not available for checking: ‘V8’
Flavor: r-patched-solaris-sparc