CRAN Package Check Results for Package DoE.base

Last updated on 2015-09-06 23:47:21.

Flavor Version Tinstall Tcheck Ttotal Status Flags
r-devel-linux-x86_64-debian-clang 0.27-1 2.24 51.55 53.79 OK
r-devel-linux-x86_64-debian-gcc 0.27-1 1.95 49.83 51.78 OK
r-devel-linux-x86_64-fedora-clang 0.27-1 101.76 OK
r-devel-linux-x86_64-fedora-gcc 0.27-1 95.75 OK
r-devel-osx-x86_64-clang 0.27-1 90.90 OK
r-devel-windows-ix86+x86_64 0.27-1 6.00 92.00 98.00 OK
r-patched-linux-x86_64 0.27-1 2.17 52.78 54.95 OK
r-patched-solaris-sparc 0.27-1 583.60 OK
r-patched-solaris-x86 0.27-1 127.60 OK
r-release-linux-x86_64 0.27-1 2.17 51.38 53.55 OK
r-release-osx-x86_64-mavericks 0.27-1 OK
r-release-windows-ix86+x86_64 0.27-1 9.00 75.00 84.00 OK
r-oldrel-windows-ix86+x86_64 0.27-1 12.00 94.00 106.00 NOTE

Check Details

Version: 0.27-1
Check: dependencies in R code
Result: NOTE
    Missing or unexported object: 'base::lengths'
Flavor: r-oldrel-windows-ix86+x86_64