CRAN Package Check Results for Package ENiRG

Last updated on 2015-09-06 23:47:22.

Flavor Version Tinstall Tcheck Ttotal Status Flags
r-devel-linux-x86_64-debian-clang 0.1 4.25 52.57 56.82 NOTE
r-devel-linux-x86_64-debian-gcc 0.1 3.65 50.25 53.90 NOTE
r-devel-linux-x86_64-fedora-clang 0.1 110.22 NOTE
r-devel-linux-x86_64-fedora-gcc 0.1 105.49 NOTE
r-devel-osx-x86_64-clang 0.1 94.77 OK
r-devel-windows-ix86+x86_64 0.1 11.00 98.00 109.00 NOTE
r-patched-linux-x86_64 0.1 3.80 52.72 56.52 OK
r-patched-solaris-sparc 0.1 685.20 OK
r-patched-solaris-x86 0.1 156.80 OK
r-release-linux-x86_64 0.1 3.92 53.06 56.98 OK
r-release-osx-x86_64-mavericks 0.1 OK
r-release-windows-ix86+x86_64 0.1 14.00 79.00 93.00 OK
r-oldrel-windows-ix86+x86_64 0.1 22.00 154.00 176.00 OK

Check Details

Version: 0.1
Check: R code for possible problems
Result: NOTE
    boyce : plot.classification: no visible binding for global variable
     ‘median’
    boyce : plot.classification: no visible binding for global variable
     ‘sd’
    boyce : plot.classification: no visible global function definition for
     ‘lm’
    boyce : plot.classification: no visible global function definition for
     ‘plot’
    boyce : plot.classification: no visible global function definition for
     ‘points’
    boyce : plot.classification: no visible global function definition for
     ‘segments’
    boyce : plot.classification: no visible global function definition for
     ‘abline’
    enirg: no visible global function definition for ‘combn’
    enirg: no visible global function definition for ‘plot’
    enirg.GUI : import.text.gui: no visible global function definition for
     ‘read.table’
    enirg.GUI : importtxtCallback: no visible global function definition
     for ‘read.table’
    enirg.GUI : plot.enirg.maps: no visible global function definition for
     ‘par’
    enirg.GUI : plot.enirg.maps: no visible global function definition for
     ‘plot’
    enirg.GUI : plot.hsm.map: no visible global function definition for
     ‘plot’
    enirg.GUI : plot.hsm.map: no visible global function definition for
     ‘locator’
    enirg.GUI : plot.hsm.map: no visible global function definition for
     ‘legend’
    enirg.GUI : save.graphic.gui : savefig: no visible global function
     definition for ‘dev2bitmap’
    enirg.plot: no visible global function definition for ‘plot’
    enirg.plot: no visible global function definition for ‘polygon’
    enirg.plot: no visible global function definition for ‘points’
    enirg.plot: no visible global function definition for ‘abline’
    enirg.plot: no visible global function definition for ‘par’
    enirg.plot: no visible global function definition for ‘symbols’
    enirg.plot: no visible global function definition for ‘arrows’
    enirg.predict: no visible binding for global variable ‘median’
    Undefined global functions or variables:
     abline arrows combn dev2bitmap legend lm locator median par plot
     points polygon read.table sd segments symbols
    Consider adding
     importFrom("grDevices", "dev2bitmap")
     importFrom("graphics", "abline", "arrows", "legend", "locator", "par",
     "plot", "points", "polygon", "segments", "symbols")
     importFrom("stats", "lm", "median", "sd")
     importFrom("utils", "combn", "read.table")
    to your NAMESPACE.
Flavors: r-devel-linux-x86_64-debian-clang, r-devel-linux-x86_64-debian-gcc, r-devel-linux-x86_64-fedora-clang, r-devel-linux-x86_64-fedora-gcc, r-devel-windows-ix86+x86_64