CRAN Package Check Results for Package FDboost

Last updated on 2015-09-06 23:47:23.

Flavor Version Tinstall Tcheck Ttotal Status Flags
r-devel-linux-x86_64-debian-clang 0.0-8 3.28 105.63 108.90 NOTE
r-devel-linux-x86_64-debian-gcc 0.0-8 3.25 97.31 100.56 NOTE
r-devel-linux-x86_64-fedora-clang 0.0-8 213.40 NOTE
r-devel-linux-x86_64-fedora-gcc 0.0-8 204.29 NOTE
r-devel-osx-x86_64-clang 0.0-8 172.65 OK
r-devel-windows-ix86+x86_64 0.0-8 8.00 164.00 172.00 NOTE
r-patched-linux-x86_64 0.0-8 3.32 101.90 105.21 OK
r-patched-solaris-sparc 0.0-8 1625.10 OK
r-patched-solaris-x86 0.0-8 270.90 OK
r-release-linux-x86_64 0.0-8 3.30 102.13 105.43 OK
r-release-osx-x86_64-mavericks 0.0-8 OK
r-release-windows-ix86+x86_64 0.0-8 12.00 146.00 158.00 OK
r-oldrel-windows-ix86+x86_64 0.0-8 18.00 172.00 190.00 OK

Check Details

Version: 0.0-8
Check: R code for possible problems
Result: NOTE
    Complete.cases: no visible global function definition for
     ‘complete.cases’
    FDboost: no visible global function definition for ‘terms.formula’
    FDboost: no visible global function definition for ‘as.formula’
    FDboost : <anonymous>: no visible global function definition for
     ‘approx’
    FDboost: no visible global function definition for ‘lm’
    FDboost : predictOffset: no visible global function definition for
     ‘predict’
    FDboost: no visible global function definition for ‘predict’
    X_bbsc: no visible global function definition for ‘model.matrix’
    X_bbsc: no visible global function definition for ‘as.formula’
    X_bbsc: no visible global function definition for ‘is’
    X_bbsc: no visible global function definition for ‘as’
    X_hist : <anonymous>: no visible global function definition for
     ‘approx’
    X_olsc: no visible global function definition for ‘model.matrix’
    X_olsc: no visible global function definition for ‘as.formula’
    X_olsc: no visible global function definition for ‘is’
    bolsc: no visible global function definition for ‘is’
    bolsc : <anonymous>: no visible global function definition for ‘sd’
    coef.FDboost : getCoefs : getP: no visible global function definition
     for ‘predict’
    coef.FDboost : getCoefs : getP : <anonymous>: no visible global
     function definition for ‘predict’
    coef.FDboost : shortnames: no visible global function definition for
     ‘formula’
    fitted.FDboost: no visible global function definition for ‘predict’
    funplot: no visible global function definition for ‘par’
    funplot : <anonymous>: no visible global function definition for
     ‘approx’
    funplot: no visible binding for global variable ‘matplot’
    funplot: no visible global function definition for ‘na.omit’
    funplot: no visible binding for global variable ‘plot’
    funplot: no visible binding for global variable ‘points’
    funplot: no visible binding for global variable ‘lines’
    getYYhatTime : <anonymous>: no visible global function definition for
     ‘approx’
    getYYhatTime: no visible global function definition for ‘predict’
    get_index: no visible global function definition for ‘complete.cases’
    isMATRIX: no visible global function definition for ‘is’
    mstop.validateFDboost: no visible binding for global variable ‘median’
    plot.FDboost: no visible global function definition for ‘par’
    plot.FDboost: no visible global function definition for ‘getS3method’
    plot.FDboost: no visible global function definition for ‘coef’
    plot.FDboost: no visible binding for global variable ‘plot’
    plot.FDboost: no visible binding for global variable ‘lines’
    plot.FDboost: no visible binding for global variable ‘matplot’
    plot.FDboost: no visible global function definition for ‘plot’
    plot.FDboost: no visible binding for global variable ‘persp’
    plot.FDboost: no visible global function definition for
     ‘terrain.colors’
    plot.FDboost: no visible binding for global variable ‘contour’
    plot.FDboost: no visible global function definition for ‘points’
    plot.FDboost: no visible global function definition for ‘predict’
    plot.validateFDboost: no visible global function definition for ‘par’
    plot.validateFDboost: no visible global function definition for
     ‘quantile’
    plot.validateFDboost: no visible global function definition for
     ‘matplot’
    plot.validateFDboost: no visible global function definition for ‘lines’
    plot.validateFDboost: no visible binding for global variable ‘median’
    plot.validateFDboost: no visible global function definition for
     ‘legend’
    plot.validateFDboost: no visible global function definition for
     ‘barplot’
    plot.validateFDboost: no visible global function definition for
     ‘abline’
    plotPredCoef: no visible global function definition for ‘par’
    plotPredCoef: no visible global function definition for ‘getS3method’
    plotPredCoef: no visible global function definition for ‘matplot’
    plotPredCoef: no visible global function definition for ‘plot’
    plotPredCoef: no visible global function definition for ‘points’
    plotPredCoef: no visible binding for global variable ‘matplot’
    plotPredCoef: no visible global function definition for ‘rgb’
    plotPredCoef: no visible global function definition for ‘lines’
    plotPredCoef: no visible binding for global variable ‘quantile’
    plotPredCoef: no visible global function definition for ‘quantile’
    plotPredCoef: no visible binding for global variable ‘persp’
    plotPredicted: no visible global function definition for ‘fitted’
    plotPredicted: no visible global function definition for ‘legend’
    plotPredicted: no visible global function definition for ‘plot’
    plotPredicted: no visible global function definition for ‘abline’
    plotResiduals: no visible global function definition for ‘fitted’
    plotResiduals: no visible global function definition for ‘plot’
    predict.FDboost: no visible global function definition for ‘formula’
    predict.FDboost: no visible global function definition for ‘predict’
    print.FDboost: no visible global function definition for
     ‘variable.names’
    summary.FDboost: no visible global function definition for
     ‘variable.names’
    validateFDboost: no visible global function definition for
     ‘model.weights’
    validateFDboost : dummyfct: no visible global function definition for
     ‘predict’
    validateFDboost: no visible binding for global variable ‘median’
    validateFDboost: no visible global function definition for ‘median’
    validateFDboost: no visible global function definition for ‘quantile’
    validateFDboost: no visible global function definition for ‘coef’
    validateFDboost : <anonymous>: no visible global function definition
     for ‘coef’
    validateFDboost : <anonymous>: no visible global function definition
     for ‘predict’
    Undefined global functions or variables:
     abline approx as as.formula barplot coef complete.cases contour
     fitted formula getS3method is legend lines lm matplot median
     model.matrix model.weights na.omit par persp plot points predict
     quantile rgb sd terms.formula terrain.colors variable.names
    Consider adding
     importFrom("grDevices", "rgb", "terrain.colors")
     importFrom("graphics", "abline", "barplot", "contour", "legend",
     "lines", "matplot", "par", "persp", "plot", "points")
     importFrom("methods", "as", "is")
     importFrom("stats", "approx", "as.formula", "coef", "complete.cases",
     "fitted", "formula", "lm", "median", "model.matrix",
     "model.weights", "na.omit", "predict", "quantile", "sd",
     "terms.formula", "variable.names")
     importFrom("utils", "getS3method")
    to your NAMESPACE (and ensure that your DESCRIPTION Imports field
    contains 'methods').
Flavors: r-devel-linux-x86_64-debian-clang, r-devel-linux-x86_64-debian-gcc, r-devel-linux-x86_64-fedora-clang, r-devel-linux-x86_64-fedora-gcc, r-devel-windows-ix86+x86_64