CRAN Package Check Results for Package FeatureHashing

Last updated on 2015-09-06 23:47:23.

Flavor Version Tinstall Tcheck Ttotal Status Flags
r-devel-linux-x86_64-debian-clang 0.9 33.23 50.77 84.00 NOTE
r-devel-linux-x86_64-debian-gcc 0.9 37.89 48.25 86.14 NOTE
r-devel-linux-x86_64-fedora-clang 0.9 177.57 NOTE
r-devel-linux-x86_64-fedora-gcc 0.9 174.71 NOTE
r-devel-osx-x86_64-clang 0.9 124.98 OK
r-devel-windows-ix86+x86_64 0.9 104.00 146.00 250.00 NOTE
r-patched-linux-x86_64 0.9 38.37 52.34 90.71 OK
r-patched-solaris-sparc 0.9 1035.80 OK
r-patched-solaris-x86 0.9 223.30 OK
r-release-linux-x86_64 0.9 37.78 52.39 90.18 OK
r-release-osx-x86_64-mavericks 0.9 OK
r-release-windows-ix86+x86_64 0.9 126.00 120.00 246.00 OK
r-oldrel-windows-ix86+x86_64 0.9 140.00 210.00 350.00 OK

Check Details

Version: 0.9
Check: R code for possible problems
Result: NOTE
    hashed.model.matrix: no visible binding for global variable
     ‘as.formula’
    hashed.model.matrix: no visible global function definition for
     ‘terms.formula’
    hashed.model.matrix: no visible global function definition for ‘as’
    parse_split: no visible global function definition for ‘getParseData’
    [,CSCMatrix-numeric-numeric-ANY: no visible global function definition
     for ‘head’
    Undefined global functions or variables:
     as as.formula getParseData head terms.formula
    Consider adding
     importFrom("methods", "as")
     importFrom("stats", "as.formula", "terms.formula")
     importFrom("utils", "getParseData", "head")
    to your NAMESPACE (and ensure that your DESCRIPTION Imports field
    contains 'methods').
Flavors: r-devel-linux-x86_64-debian-clang, r-devel-linux-x86_64-debian-gcc, r-devel-linux-x86_64-fedora-clang, r-devel-linux-x86_64-fedora-gcc, r-devel-windows-ix86+x86_64