CRAN Package Check Results for Package GraphPCA

Last updated on 2015-09-06 23:47:26.

Flavor Version Tinstall Tcheck Ttotal Status Flags
r-devel-linux-x86_64-debian-clang 1.0 4.33 43.55 47.88 NOTE
r-devel-linux-x86_64-debian-gcc 1.0 4.83 43.26 48.09 NOTE
r-devel-linux-x86_64-fedora-clang 1.0 98.20 NOTE
r-devel-linux-x86_64-fedora-gcc 1.0 97.64 NOTE
r-devel-osx-x86_64-clang 1.0 82.93 OK
r-devel-windows-ix86+x86_64 1.0 12.00 76.00 88.00 NOTE
r-patched-linux-x86_64 1.0 4.16 45.79 49.95 OK
r-patched-solaris-sparc 1.0 592.80 OK
r-patched-solaris-x86 1.0 144.80 OK
r-release-linux-x86_64 1.0 4.30 46.53 50.84 OK
r-release-osx-x86_64-mavericks 1.0 OK
r-release-windows-ix86+x86_64 1.0 17.00 75.00 92.00 OK
r-oldrel-windows-ix86+x86_64 1.0 33.00 124.00 157.00 OK

Check Details

Version: 1.0
Check: R code for possible problems
Result: NOTE
    HistPCA : Build3d: no visible global function definition for ‘dev.new’
    HistPCA : Build3d: no visible global function definition for ‘text’
    HistPCA : Build3d: no visible global function definition for ‘plot’
    HistPCA : Build3d: no visible global function definition for ‘abline’
    HistPCA : Build3d: no visible global function definition for ‘rect’
    HistPCA: no visible global function definition for ‘plot’
    HistPCA: no visible global function definition for ‘text’
    HistPCA: no visible global function definition for ‘abline’
    HistPCA: no visible global function definition for ‘points’
    HistPCA: no visible global function definition for ‘rect’
    HistPCA: no visible global function definition for ‘cor’
    HistPCA: no visible global function definition for ‘dev.new’
    HistPCA: no visible global function definition for ‘segments’
    HistPCA: no visible global function definition for ‘par’
    f : rorthogonal: no visible global function definition for ‘rnorm’
    f: no visible global function definition for ‘dist’
    f: no visible global function definition for ‘lm.fit’
    f: no visible global function definition for ‘plot’
    f: no visible global function definition for ‘segments’
    Undefined global functions or variables:
     abline cor dev.new dist lm.fit par plot points rect rnorm segments
     text
    Consider adding
     importFrom("grDevices", "dev.new")
     importFrom("graphics", "abline", "par", "plot", "points", "rect",
     "segments", "text")
     importFrom("stats", "cor", "dist", "lm.fit", "rnorm")
    to your NAMESPACE.
Flavors: r-devel-linux-x86_64-debian-clang, r-devel-linux-x86_64-debian-gcc, r-devel-linux-x86_64-fedora-clang, r-devel-linux-x86_64-fedora-gcc, r-devel-windows-ix86+x86_64