CRAN Package Check Results for Package HPbayes

Last updated on 2015-09-06 23:47:27.

Flavor Version Tinstall Tcheck Ttotal Status Flags
r-devel-linux-x86_64-debian-clang 0.1 0.88 23.87 24.74 NOTE
r-devel-linux-x86_64-debian-gcc 0.1 0.78 23.61 24.38 NOTE
r-devel-linux-x86_64-fedora-clang 0.1 43.68 NOTE
r-devel-linux-x86_64-fedora-gcc 0.1 44.76 NOTE
r-devel-osx-x86_64-clang 0.1 39.69 NOTE
r-devel-windows-ix86+x86_64 0.1 3.00 42.00 45.00 NOTE
r-patched-linux-x86_64 0.1 0.95 24.11 25.06 NOTE
r-patched-solaris-sparc 0.1 295.70 NOTE
r-patched-solaris-x86 0.1 62.10 NOTE
r-release-linux-x86_64 0.1 0.89 25.55 26.44 NOTE
r-release-osx-x86_64-mavericks 0.1 NOTE
r-release-windows-ix86+x86_64 0.1 6.00 62.00 68.00 NOTE
r-oldrel-windows-ix86+x86_64 0.1 9.00 70.00 79.00 OK

Check Details

Version: 0.1
Check: DESCRIPTION meta-information
Result: NOTE
    Malformed Description field: should contain one or more complete sentences.
Flavors: r-devel-linux-x86_64-debian-clang, r-devel-linux-x86_64-debian-gcc, r-devel-linux-x86_64-fedora-clang, r-devel-linux-x86_64-fedora-gcc, r-devel-osx-x86_64-clang, r-devel-windows-ix86+x86_64, r-patched-linux-x86_64, r-patched-solaris-sparc, r-patched-solaris-x86, r-release-linux-x86_64, r-release-osx-x86_64-mavericks, r-release-windows-ix86+x86_64

Version: 0.1
Check: R code for possible problems
Result: NOTE
    hpbayes.plot: no visible global function definition for ‘par’
    hpbayes.plot: no visible global function definition for ‘plot’
    hpbayes.plot: no visible global function definition for ‘points’
    postpri.plot: no visible global function definition for ‘par’
    postpri.plot: no visible global function definition for ‘plot’
    postpri.plot: no visible global function definition for ‘points’
    postpri.plot: no visible global function definition for ‘segments’
    postpri.plot: no visible global function definition for ‘boxplot’
    Undefined global functions or variables:
     boxplot par plot points segments
    Consider adding
     importFrom("graphics", "boxplot", "par", "plot", "points", "segments")
    to your NAMESPACE.
Flavors: r-devel-linux-x86_64-debian-clang, r-devel-linux-x86_64-debian-gcc, r-devel-linux-x86_64-fedora-clang, r-devel-linux-x86_64-fedora-gcc, r-devel-windows-ix86+x86_64