CRAN Package Check Results for Package ISOcodes

Last updated on 2015-09-06 23:47:28.

Flavor Version Tinstall Tcheck Ttotal Status Flags
r-devel-linux-x86_64-debian-clang 2015.04.04 0.58 5.21 5.79 OK
r-devel-linux-x86_64-debian-gcc 2015.04.04 2.80 5.02 7.82 OK
r-devel-linux-x86_64-fedora-clang 2015.04.04 11.52 NOTE
r-devel-linux-x86_64-fedora-gcc 2015.04.04 10.07 NOTE
r-devel-osx-x86_64-clang 2015.04.04 11.69 NOTE
r-devel-windows-ix86+x86_64 2015.04.04 2.00 12.00 14.00 OK
r-patched-linux-x86_64 2015.04.04 0.61 5.38 5.99 NOTE
r-patched-solaris-sparc 2015.04.04 90.20 NOTE
r-patched-solaris-x86 2015.04.04 18.90 NOTE
r-release-linux-x86_64 2015.04.04 0.70 5.67 6.37 NOTE
r-release-osx-x86_64-mavericks 2015.04.04 NOTE
r-release-windows-ix86+x86_64 2015.04.04 3.00 14.00 17.00 NOTE
r-oldrel-windows-ix86+x86_64 2015.04.04 3.00 13.00 16.00 NOTE

Check Details

Version: 2015.04.04
Check: data for non-ASCII characters
Result: NOTE
     Note: found 7090 marked UTF-8 strings
Flavors: r-devel-linux-x86_64-fedora-clang, r-devel-linux-x86_64-fedora-gcc, r-devel-osx-x86_64-clang, r-patched-linux-x86_64, r-patched-solaris-sparc, r-patched-solaris-x86, r-release-linux-x86_64, r-release-osx-x86_64-mavericks, r-release-windows-ix86+x86_64, r-oldrel-windows-ix86+x86_64