Last updated on 2015-09-06 23:47:29.
Flavor | Version | Tinstall | Tcheck | Ttotal | Status | Flags |
---|---|---|---|---|---|---|
r-devel-linux-x86_64-debian-clang | 0.4 | 1.53 | 14.40 | 15.93 | NOTE | |
r-devel-linux-x86_64-debian-gcc | 0.4 | 1.54 | 14.86 | 16.40 | NOTE | |
r-devel-linux-x86_64-fedora-clang | 0.4 | 30.15 | NOTE | |||
r-devel-linux-x86_64-fedora-gcc | 0.4 | 27.61 | NOTE | |||
r-devel-osx-x86_64-clang | 0.4 | 30.02 | OK | |||
r-devel-windows-ix86+x86_64 | 0.4 | 4.00 | 29.00 | 33.00 | NOTE | |
r-patched-linux-x86_64 | 0.4 | 1.63 | 14.78 | 16.41 | OK | |
r-patched-solaris-sparc | 0.4 | 195.70 | OK | |||
r-patched-solaris-x86 | 0.4 | 47.30 | OK | |||
r-release-linux-x86_64 | 0.4 | 1.64 | 14.86 | 16.50 | OK | |
r-release-osx-x86_64-mavericks | 0.4 | OK | ||||
r-release-windows-ix86+x86_64 | 0.4 | 7.00 | 48.00 | 55.00 | OK | |
r-oldrel-windows-ix86+x86_64 | 0.4 | 10.00 | 50.00 | 60.00 | OK |
Version: 0.4
Check: R code for possible problems
Result: NOTE
compose: no visible global function definition for ‘convolve’
plot_neighbors: no visible global function definition for ‘princomp’
plot_neighbors: no visible global function definition for ‘loadings’
plot_neighbors: no visible global function definition for ‘varimax’
plot_neighbors: no visible global function definition for ‘cmdscale’
plot_neighbors: no visible global function definition for ‘plot’
plot_neighbors: no visible global function definition for ‘rainbow’
plot_neighbors: no visible global function definition for ‘combn’
plot_wordlist: no visible global function definition for ‘princomp’
plot_wordlist: no visible global function definition for ‘loadings’
plot_wordlist: no visible global function definition for ‘varimax’
plot_wordlist: no visible global function definition for ‘cmdscale’
plot_wordlist: no visible global function definition for ‘plot’
plot_wordlist: no visible global function definition for ‘rainbow’
plot_wordlist: no visible global function definition for ‘combn’
Undefined global functions or variables:
cmdscale combn convolve loadings plot princomp rainbow varimax
Consider adding
importFrom("grDevices", "rainbow")
importFrom("graphics", "plot")
importFrom("stats", "cmdscale", "convolve", "loadings", "princomp",
"varimax")
importFrom("utils", "combn")
to your NAMESPACE.
Flavors: r-devel-linux-x86_64-debian-clang, r-devel-linux-x86_64-debian-gcc, r-devel-linux-x86_64-fedora-clang, r-devel-linux-x86_64-fedora-gcc, r-devel-windows-ix86+x86_64