CRAN Package Check Results for Package MGRASTer

Last updated on 2015-09-06 23:47:31.

Flavor Version Tinstall Tcheck Ttotal Status Flags
r-devel-linux-x86_64-debian-clang 0.9 0.65 10.52 11.16 NOTE
r-devel-linux-x86_64-debian-gcc 0.9 0.61 10.96 11.57 NOTE
r-devel-linux-x86_64-fedora-clang 0.9 22.03 NOTE
r-devel-linux-x86_64-fedora-gcc 0.9 20.50 NOTE
r-devel-osx-x86_64-clang 0.9 22.09 NOTE
r-devel-windows-ix86+x86_64 0.9 2.00 21.00 23.00 NOTE
r-patched-linux-x86_64 0.9 0.67 11.32 11.98 NOTE
r-patched-solaris-sparc 0.9 155.20 NOTE
r-patched-solaris-x86 0.9 32.60 NOTE
r-release-linux-x86_64 0.9 0.67 11.14 11.81 NOTE
r-release-osx-x86_64-mavericks 0.9 NOTE
r-release-windows-ix86+x86_64 0.9 3.00 30.00 33.00 NOTE
r-oldrel-windows-ix86+x86_64 0.9 4.00 22.00 26.00 NOTE

Check Details

Version: 0.9
Check: dependencies in R code
Result: NOTE
    'library' or 'require' call to ‘RJSONIO’ in package code.
     Please use :: or requireNamespace() instead.
     See section 'Suggested packages' in the 'Writing R Extensions' manual.
Flavors: r-devel-linux-x86_64-debian-clang, r-devel-linux-x86_64-debian-gcc, r-devel-linux-x86_64-fedora-clang, r-devel-linux-x86_64-fedora-gcc, r-devel-osx-x86_64-clang, r-devel-windows-ix86+x86_64, r-patched-linux-x86_64, r-patched-solaris-sparc, r-patched-solaris-x86, r-release-linux-x86_64, r-release-osx-x86_64-mavericks, r-release-windows-ix86+x86_64, r-oldrel-windows-ix86+x86_64

Version: 0.9
Check: R code for possible problems
Result: NOTE
    .onAttach: no visible global function definition for ‘packageVersion’
    .onAttach: no visible binding for global variable ‘.MGRAST’
    build.MGRAST: no visible binding for global variable ‘.MGRAST’
    build.MGRAST: no visible global function definition for ‘fromJSON’
    call.MGRAST: no visible binding for global variable ‘.MGRAST’
    call.MGRAST: no visible global function definition for ‘download.file’
    call.MGRAST: no visible global function definition for ‘isValidJSON’
    call.MGRAST: no visible global function definition for ‘fromJSON’
    doc.MGRAST: no visible binding for global variable ‘.MGRAST’
    doc.MGRAST: no visible global function definition for ‘str’
    load.MGRAST: no visible binding for global variable ‘.MGRAST’
    parse.MGRAST: no visible binding for global variable ‘.MGRAST’
    this.package: no visible binding for global variable ‘.MGRAST’
    Undefined global functions or variables:
     .MGRAST download.file fromJSON isValidJSON packageVersion str
    Consider adding
     importFrom("utils", "download.file", "packageVersion", "str")
    to your NAMESPACE.
Flavors: r-devel-linux-x86_64-debian-clang, r-devel-linux-x86_64-debian-gcc, r-devel-linux-x86_64-fedora-clang, r-devel-linux-x86_64-fedora-gcc, r-devel-windows-ix86+x86_64

Version: 0.9
Check: R code for possible problems
Result: NOTE
    .onAttach: no visible binding for global variable ‘.MGRAST’
    build.MGRAST: no visible binding for global variable ‘.MGRAST’
    build.MGRAST: no visible global function definition for ‘fromJSON’
    call.MGRAST: no visible binding for global variable ‘.MGRAST’
    call.MGRAST: no visible global function definition for ‘isValidJSON’
    call.MGRAST: no visible global function definition for ‘fromJSON’
    doc.MGRAST: no visible binding for global variable ‘.MGRAST’
    load.MGRAST: no visible binding for global variable ‘.MGRAST’
    parse.MGRAST: no visible binding for global variable ‘.MGRAST’
    this.package: no visible binding for global variable ‘.MGRAST’
    Undefined global functions or variables:
     .MGRAST fromJSON isValidJSON
Flavor: r-devel-osx-x86_64-clang

Version: 0.9
Check: R code for possible problems
Result: NOTE
    .onAttach: no visible binding for global variable ‘.MGRAST’
    build.MGRAST: no visible binding for global variable ‘.MGRAST’
    build.MGRAST: no visible global function definition for ‘fromJSON’
    call.MGRAST: no visible binding for global variable ‘.MGRAST’
    call.MGRAST: no visible global function definition for ‘isValidJSON’
    call.MGRAST: no visible global function definition for ‘fromJSON’
    doc.MGRAST: no visible binding for global variable ‘.MGRAST’
    load.MGRAST: no visible binding for global variable ‘.MGRAST’
    parse.MGRAST: no visible binding for global variable ‘.MGRAST’
    this.package: no visible binding for global variable ‘.MGRAST’
Flavors: r-patched-linux-x86_64, r-patched-solaris-sparc, r-patched-solaris-x86, r-release-linux-x86_64, r-release-osx-x86_64-mavericks, r-release-windows-ix86+x86_64, r-oldrel-windows-ix86+x86_64