Last updated on 2015-09-06 23:47:31.
Flavor | Version | Tinstall | Tcheck | Ttotal | Status | Flags |
---|---|---|---|---|---|---|
r-devel-linux-x86_64-debian-clang | 0.9.7 | 1.55 | 14.75 | 16.30 | NOTE | |
r-devel-linux-x86_64-debian-gcc | 0.9.7 | 1.25 | 14.52 | 15.76 | NOTE | |
r-devel-linux-x86_64-fedora-clang | 0.9.7 | 32.90 | NOTE | |||
r-devel-linux-x86_64-fedora-gcc | 0.9.7 | 30.12 | NOTE | |||
r-devel-osx-x86_64-clang | 0.9.7 | 29.27 | OK | |||
r-devel-windows-ix86+x86_64 | 0.9.7 | 8.00 | 32.00 | 40.00 | NOTE | |
r-patched-linux-x86_64 | 0.9.7 | 1.34 | 16.30 | 17.64 | OK | |
r-patched-solaris-sparc | 0.9.7 | 202.20 | OK | |||
r-patched-solaris-x86 | 0.9.7 | 44.50 | OK | |||
r-release-linux-x86_64 | 0.9.7 | 1.40 | 16.14 | 17.54 | OK | |
r-release-osx-x86_64-mavericks | 0.9.7 | OK | ||||
r-release-windows-ix86+x86_64 | 0.9.7 | 9.00 | 28.00 | 37.00 | OK | |
r-oldrel-windows-ix86+x86_64 | 0.9.7 | 13.00 | 53.00 | 66.00 | OK |
Version: 0.9.7
Check: R code for possible problems
Result: NOTE
monet.read.csv: no visible binding for global variable ‘read.csv’
monetdb.read.csv: no visible binding for global variable ‘read.csv’
monetdb.server.start: no visible global function definition for
‘read.table’
dbGetInfo,MonetDBDriver: no visible global function definition for
‘packageVersion’
dbWriteTable,MonetDBConnection: no visible global function definition
for ‘write.table’
Undefined global functions or variables:
packageVersion read.csv read.table write.table
Consider adding
importFrom("utils", "packageVersion", "read.csv", "read.table",
"write.table")
to your NAMESPACE.
Flavors: r-devel-linux-x86_64-debian-clang, r-devel-linux-x86_64-debian-gcc, r-devel-linux-x86_64-fedora-clang, r-devel-linux-x86_64-fedora-gcc, r-devel-windows-ix86+x86_64