Last updated on 2015-09-06 23:47:33.
Flavor | Version | Tinstall | Tcheck | Ttotal | Status | Flags |
---|---|---|---|---|---|---|
r-devel-linux-x86_64-debian-clang | 0.1-3 | 1.02 | 8.50 | 9.53 | NOTE | |
r-devel-linux-x86_64-debian-gcc | 0.1-3 | 1.16 | 8.22 | 9.38 | NOTE | |
r-devel-linux-x86_64-fedora-clang | 0.1-3 | 18.06 | NOTE | |||
r-devel-linux-x86_64-fedora-gcc | 0.1-3 | 18.13 | NOTE | |||
r-devel-osx-x86_64-clang | 0.1-3 | 18.67 | NOTE | |||
r-patched-linux-x86_64 | 0.1-3 | 1.19 | 8.83 | 10.02 | NOTE | |
r-release-linux-x86_64 | 0.1-3 | 1.18 | 8.76 | 9.94 | NOTE | |
r-release-osx-x86_64-mavericks | 0.1-3 | ERROR |
Version: 0.1-3
Check: DESCRIPTION meta-information
Result: NOTE
Deprecated license: BSD
Flavors: r-devel-linux-x86_64-debian-clang, r-devel-linux-x86_64-debian-gcc, r-devel-linux-x86_64-fedora-clang, r-devel-linux-x86_64-fedora-gcc, r-devel-osx-x86_64-clang, r-patched-linux-x86_64, r-release-linux-x86_64
Version: 0.1-3
Check: top-level files
Result: NOTE
File
LICENSE
is not mentioned in the DESCRIPTION file.
Flavors: r-devel-linux-x86_64-debian-clang, r-devel-linux-x86_64-debian-gcc, r-devel-linux-x86_64-fedora-clang, r-devel-linux-x86_64-fedora-gcc, r-devel-osx-x86_64-clang, r-patched-linux-x86_64, r-release-linux-x86_64
Version: 0.1-3
Check: S3 generic/method consistency
Result: NOTE
Found the following apparent S3 methods exported but not registered:
as.character.clFloat as.double.clFloat as.integer.clFloat
length.clFloat length<-.clFloat oclInfo.clDeviceID
oclInfo.clPlatformID oclInfo.list print.clFloat
See section ‘Registering S3 methods’ in the ‘Writing R Extensions’
manual.
Flavors: r-devel-linux-x86_64-debian-clang, r-devel-linux-x86_64-debian-gcc, r-devel-linux-x86_64-fedora-clang, r-devel-linux-x86_64-fedora-gcc, r-devel-osx-x86_64-clang, r-patched-linux-x86_64, r-release-linux-x86_64
Version: 0.1-3
Check: whether package can be installed
Result: ERROR
Installation failed.
Flavor: r-release-osx-x86_64-mavericks