Last updated on 2015-09-06 23:47:34.
Flavor | Version | Tinstall | Tcheck | Ttotal | Status | Flags |
---|---|---|---|---|---|---|
r-devel-linux-x86_64-debian-clang | 1.0 | 0.54 | 13.38 | 13.92 | NOTE | |
r-devel-linux-x86_64-debian-gcc | 1.0 | 0.52 | 13.41 | 13.94 | NOTE | |
r-devel-linux-x86_64-fedora-clang | 1.0 | 27.25 | NOTE | |||
r-devel-linux-x86_64-fedora-gcc | 1.0 | 26.02 | NOTE | |||
r-devel-osx-x86_64-clang | 1.0 | 27.25 | OK | |||
r-devel-windows-ix86+x86_64 | 1.0 | 2.00 | 29.00 | 31.00 | NOTE | |
r-patched-linux-x86_64 | 1.0 | 0.61 | 14.11 | 14.72 | OK | |
r-patched-solaris-sparc | 1.0 | 185.30 | OK | |||
r-patched-solaris-x86 | 1.0 | 39.40 | OK | |||
r-release-linux-x86_64 | 1.0 | 0.57 | 14.26 | 14.83 | OK | |
r-release-osx-x86_64-mavericks | 1.0 | OK | ||||
r-release-windows-ix86+x86_64 | 1.0 | 2.00 | 37.00 | 39.00 | OK | |
r-oldrel-windows-ix86+x86_64 | 1.0 | 3.00 | 29.00 | 32.00 | OK |
Version: 1.0
Check: R code for possible problems
Result: NOTE
PCDReg.wf: no visible global function definition for ‘optimize’
Undefined global functions or variables:
optimize
Consider adding
importFrom("stats", "optimize")
to your NAMESPACE.
Flavors: r-devel-linux-x86_64-debian-clang, r-devel-linux-x86_64-debian-gcc, r-devel-linux-x86_64-fedora-clang, r-devel-linux-x86_64-fedora-gcc, r-devel-windows-ix86+x86_64