Last updated on 2015-09-06 23:47:35.
Flavor | Version | Tinstall | Tcheck | Ttotal | Status | Flags |
---|---|---|---|---|---|---|
r-devel-linux-x86_64-debian-clang | 1.0 | 2.55 | 33.19 | 35.74 | NOTE | |
r-devel-linux-x86_64-debian-gcc | 1.0 | 2.46 | 32.41 | 34.87 | NOTE | |
r-devel-linux-x86_64-fedora-clang | 1.0 | 70.34 | NOTE | |||
r-devel-linux-x86_64-fedora-gcc | 1.0 | 68.30 | NOTE | |||
r-devel-osx-x86_64-clang | 1.0 | 61.00 | OK | |||
r-devel-windows-ix86+x86_64 | 1.0 | 7.00 | 61.00 | 68.00 | NOTE | |
r-patched-linux-x86_64 | 1.0 | 2.72 | 34.02 | 36.74 | OK | |
r-patched-solaris-sparc | 1.0 | 461.80 | OK | |||
r-patched-solaris-x86 | 1.0 | 102.50 | OK | |||
r-release-linux-x86_64 | 1.0 | 2.83 | 34.22 | 37.05 | OK | |
r-release-osx-x86_64-mavericks | 1.0 | OK | ||||
r-release-windows-ix86+x86_64 | 1.0 | 11.00 | 55.00 | 66.00 | OK | |
r-oldrel-windows-ix86+x86_64 | 1.0 | 15.00 | 66.00 | 81.00 | OK |
Version: 1.0
Check: R code for possible problems
Result: NOTE
corr.nn4bn: no visible global function definition for ‘dnorm’
corr.nn4bn: no visible global function definition for ‘qnorm’
corr.nn4on: no visible global function definition for ‘rnorm’
corr.nn4on: no visible global function definition for ‘qnorm’
corr.nn4on: no visible global function definition for ‘cor’
corr.nn4pbo: no visible global function definition for ‘rnorm’
corr.nn4pbo: no visible global function definition for ‘pnorm’
corr.nn4pbo: no visible global function definition for ‘cor’
corr.nn4pbo: no visible global function definition for ‘qpois’
corr.nn4pn: no visible global function definition for ‘rnorm’
corr.nn4pn: no visible global function definition for ‘qpois’
corr.nn4pn: no visible global function definition for ‘pnorm’
corr.nn4pn: no visible global function definition for ‘cor’
corr.nn4pp: no visible global function definition for ‘runif’
corr.nn4pp: no visible global function definition for ‘cor’
corr.nn4pp: no visible global function definition for ‘qpois’
genPBONdata: no visible global function definition for ‘qpois’
genPBONdata: no visible global function definition for ‘pnorm’
genPBONdata: no visible global function definition for ‘qnorm’
genPBONdata: no visible global function definition for ‘cor’
validation_specs: no visible global function definition for ‘runif’
validation_specs: no visible global function definition for ‘cor’
validation_specs: no visible global function definition for ‘qpois’
validation_specs: no visible global function definition for ‘rbinom’
validation_specs: no visible global function definition for ‘rpois’
validation_specs: no visible global function definition for ‘rnorm’
validation_specs: no visible global function definition for ‘qnorm’
validation_specs: no visible global function definition for ‘dnorm’
Undefined global functions or variables:
cor dnorm pnorm qnorm qpois rbinom rnorm rpois runif
Consider adding
importFrom("stats", "cor", "dnorm", "pnorm", "qnorm", "qpois",
"rbinom", "rnorm", "rpois", "runif")
to your NAMESPACE.
Flavors: r-devel-linux-x86_64-debian-clang, r-devel-linux-x86_64-debian-gcc, r-devel-linux-x86_64-fedora-clang, r-devel-linux-x86_64-fedora-gcc, r-devel-windows-ix86+x86_64