Last updated on 2015-09-06 23:47:35.
Flavor | Version | Tinstall | Tcheck | Ttotal | Status | Flags |
---|---|---|---|---|---|---|
r-devel-linux-x86_64-debian-clang | 1.2-2 | 2.71 | 38.66 | 41.38 | NOTE | |
r-devel-linux-x86_64-debian-gcc | 1.2-2 | 2.17 | 36.49 | 38.66 | NOTE | |
r-devel-linux-x86_64-fedora-clang | 1.2-2 | 75.25 | NOTE | |||
r-devel-linux-x86_64-fedora-gcc | 1.2-2 | 72.69 | NOTE | |||
r-devel-osx-x86_64-clang | 1.2-2 | 68.90 | NOTE | |||
r-devel-windows-ix86+x86_64 | 1.2-2 | 9.00 | 74.00 | 83.00 | NOTE | |
r-patched-linux-x86_64 | 1.2-2 | 2.46 | 40.32 | 42.79 | NOTE | |
r-patched-solaris-sparc | 1.2-2 | 550.80 | NOTE | |||
r-patched-solaris-x86 | 1.2-2 | 123.30 | NOTE | |||
r-release-linux-x86_64 | 1.2-2 | 2.50 | 40.21 | 42.71 | NOTE | |
r-release-osx-x86_64-mavericks | 1.2-2 | NOTE | ||||
r-release-windows-ix86+x86_64 | 1.2-2 | 13.00 | 61.00 | 74.00 | NOTE | |
r-oldrel-windows-ix86+x86_64 | 1.2-2 | 26.00 | 101.00 | 127.00 | NOTE |
Version: 1.2-2
Check: R code for possible problems
Result: NOTE
ExampleModels: no visible global function definition for ‘data’
ExampleModels: no visible binding for global variable ‘ExampleData’
ORmultivariate: no visible global function definition for ‘write.table’
ORmultivariate: no visible global function definition for ‘predict’
ORunivariate: no visible global function definition for ‘write.table’
fitLogRegModel: no visible global function definition for ‘as.formula’
fitLogRegModel: no visible global function definition for ‘glm’
fitLogRegModel: no visible global function definition for ‘binomial’
plotCalibration: no visible global function definition for ‘pchisq’
plotCalibration: no visible global function definition for ‘lines’
plotCalibration: no visible global function definition for ‘dev.cur’
plotCalibration: no visible global function definition for
‘write.table’
plotDiscriminationBox: no visible global function definition for
‘boxplot’
plotDiscriminationBox: no visible global function definition for
‘dev.cur’
plotPredictivenessCurve: no visible binding for global variable ‘lines’
plotPredictivenessCurve: no visible global function definition for
‘mtext’
plotPredictivenessCurve: no visible global function definition for
‘legend’
plotPredictivenessCurve: no visible global function definition for
‘dev.cur’
plotPriorPosteriorRisk: no visible global function definition for
‘abline’
plotPriorPosteriorRisk: no visible global function definition for
‘dev.cur’
plotPriorPosteriorRisk: no visible global function definition for ‘par’
plotPriorPosteriorRisk: no visible global function definition for
‘title’
plotPriorPosteriorRisk: no visible global function definition for
‘write.table’
plotROC: no visible global function definition for ‘lines’
plotROC: no visible global function definition for ‘legend’
plotROC: no visible global function definition for ‘dev.cur’
plotRiskDistribution: no visible global function definition for
‘barplot’
plotRiskDistribution: no visible global function definition for
‘dev.cur’
plotRiskscorePredrisk: no visible global function definition for ‘lm’
plotRiskscorePredrisk: no visible global function definition for
‘abline’
plotRiskscorePredrisk: no visible global function definition for
‘dev.cur’
plotRiskscorePredrisk: no visible global function definition for
‘write.table’
predRisk: no visible global function definition for ‘predict’
predRisk: no visible global function definition for ‘write.table’
reclassification: no visible global function definition for ‘pnorm’
simulatedDataset : func.data: no visible global function definition for
‘runif’
simulatedDataset: no visible global function definition for
‘write.table’
Undefined global functions or variables:
ExampleData abline as.formula barplot binomial boxplot data dev.cur
glm legend lines lm mtext par pchisq pnorm predict runif title
write.table
Consider adding
importFrom("grDevices", "dev.cur")
importFrom("graphics", "abline", "barplot", "boxplot", "legend",
"lines", "mtext", "par", "title")
importFrom("stats", "as.formula", "binomial", "glm", "lm", "pchisq",
"pnorm", "predict", "runif")
importFrom("utils", "data", "write.table")
to your NAMESPACE.
Flavors: r-devel-linux-x86_64-debian-clang, r-devel-linux-x86_64-debian-gcc, r-devel-linux-x86_64-fedora-clang, r-devel-linux-x86_64-fedora-gcc
Version: 1.2-2
Check: R code for possible problems
Result: NOTE
ExampleModels: no visible binding for global variable ‘ExampleData’
Undefined global functions or variables:
ExampleData
Flavor: r-devel-osx-x86_64-clang
Version: 1.2-2
Check: R code for possible problems
Result: NOTE
ExampleModels: no visible global function definition for 'data'
ExampleModels: no visible binding for global variable 'ExampleData'
ORmultivariate: no visible global function definition for 'write.table'
ORmultivariate: no visible global function definition for 'predict'
ORunivariate: no visible global function definition for 'write.table'
fitLogRegModel: no visible global function definition for 'as.formula'
fitLogRegModel: no visible global function definition for 'glm'
fitLogRegModel: no visible global function definition for 'binomial'
plotCalibration: no visible global function definition for 'pchisq'
plotCalibration: no visible global function definition for 'lines'
plotCalibration: no visible global function definition for 'savePlot'
plotCalibration: no visible global function definition for 'dev.cur'
plotCalibration: no visible global function definition for
'write.table'
plotDiscriminationBox: no visible global function definition for
'boxplot'
plotDiscriminationBox: no visible global function definition for
'savePlot'
plotDiscriminationBox: no visible global function definition for
'dev.cur'
plotPredictivenessCurve: no visible binding for global variable 'lines'
plotPredictivenessCurve: no visible global function definition for
'mtext'
plotPredictivenessCurve: no visible global function definition for
'legend'
plotPredictivenessCurve: no visible global function definition for
'savePlot'
plotPredictivenessCurve: no visible global function definition for
'dev.cur'
plotPriorPosteriorRisk: no visible global function definition for
'abline'
plotPriorPosteriorRisk: no visible global function definition for
'savePlot'
plotPriorPosteriorRisk: no visible global function definition for
'dev.cur'
plotPriorPosteriorRisk: no visible global function definition for 'par'
plotPriorPosteriorRisk: no visible global function definition for
'title'
plotPriorPosteriorRisk: no visible global function definition for
'write.table'
plotROC: no visible global function definition for 'lines'
plotROC: no visible global function definition for 'legend'
plotROC: no visible global function definition for 'savePlot'
plotROC: no visible global function definition for 'dev.cur'
plotRiskDistribution: no visible global function definition for
'barplot'
plotRiskDistribution: no visible global function definition for
'savePlot'
plotRiskDistribution: no visible global function definition for
'dev.cur'
plotRiskscorePredrisk: no visible global function definition for 'lm'
plotRiskscorePredrisk: no visible global function definition for
'abline'
plotRiskscorePredrisk: no visible global function definition for
'savePlot'
plotRiskscorePredrisk: no visible global function definition for
'dev.cur'
plotRiskscorePredrisk: no visible global function definition for
'write.table'
predRisk: no visible global function definition for 'predict'
predRisk: no visible global function definition for 'write.table'
reclassification: no visible global function definition for 'pnorm'
simulatedDataset : func.data: no visible global function definition for
'runif'
simulatedDataset: no visible global function definition for
'write.table'
Undefined global functions or variables:
ExampleData abline as.formula barplot binomial boxplot data dev.cur
glm legend lines lm mtext par pchisq pnorm predict runif savePlot
title write.table
Consider adding
importFrom("grDevices", "dev.cur", "savePlot")
importFrom("graphics", "abline", "barplot", "boxplot", "legend",
"lines", "mtext", "par", "title")
importFrom("stats", "as.formula", "binomial", "glm", "lm", "pchisq",
"pnorm", "predict", "runif")
importFrom("utils", "data", "write.table")
to your NAMESPACE.
Flavor: r-devel-windows-ix86+x86_64
Version: 1.2-2
Check: R code for possible problems
Result: NOTE
ExampleModels: no visible binding for global variable ‘ExampleData’
Flavors: r-patched-linux-x86_64, r-patched-solaris-sparc, r-patched-solaris-x86, r-release-linux-x86_64, r-release-osx-x86_64-mavericks, r-release-windows-ix86+x86_64, r-oldrel-windows-ix86+x86_64