Last updated on 2015-09-06 23:47:36.
Flavor | Version | Tinstall | Tcheck | Ttotal | Status | Flags |
---|---|---|---|---|---|---|
r-devel-linux-x86_64-debian-clang | 1.0-11 | 4.06 | 20.13 | 24.19 | NOTE | |
r-devel-linux-x86_64-debian-gcc | 1.0-11 | 5.10 | 19.37 | 24.47 | NOTE | |
r-devel-linux-x86_64-fedora-clang | 1.0-11 | 49.26 | NOTE | |||
r-devel-linux-x86_64-fedora-gcc | 1.0-11 | 47.38 | NOTE | |||
r-devel-osx-x86_64-clang | 1.0-11 | 44.99 | NOTE | |||
r-devel-windows-ix86+x86_64 | 1.0-11 | 40.00 | 60.00 | 100.00 | NOTE | |
r-patched-linux-x86_64 | 1.0-11 | 5.12 | 20.93 | 26.05 | NOTE | |
r-patched-solaris-sparc | 1.0-11 | 361.90 | NOTE | |||
r-patched-solaris-x86 | 1.0-11 | 66.60 | NOTE | |||
r-release-linux-x86_64 | 1.0-11 | 5.04 | 21.55 | 26.59 | NOTE | |
r-release-osx-x86_64-mavericks | 1.0-11 | NOTE | ||||
r-release-windows-ix86+x86_64 | 1.0-11 | 42.00 | 83.00 | 125.00 | NOTE | |
r-oldrel-windows-ix86+x86_64 | 1.0-11 | 56.00 | 64.00 | 120.00 | NOTE |
Memtest notes: valgrind
Version: 1.0-11
Check: DESCRIPTION meta-information
Result: NOTE
Malformed Description field: should contain one or more complete sentences.
Flavors: r-devel-linux-x86_64-debian-clang, r-devel-linux-x86_64-debian-gcc, r-devel-linux-x86_64-fedora-clang, r-devel-linux-x86_64-fedora-gcc, r-devel-osx-x86_64-clang, r-devel-windows-ix86+x86_64, r-patched-linux-x86_64, r-patched-solaris-sparc, r-patched-solaris-x86, r-release-linux-x86_64, r-release-osx-x86_64-mavericks, r-release-windows-ix86+x86_64
Version: 1.0-11
Check: dependencies in R code
Result: NOTE
Package in Depends field not imported from: ‘methods’
These packages need to be imported from (in the NAMESPACE file)
for when this namespace is loaded but not attached.
Flavors: r-devel-linux-x86_64-debian-clang, r-devel-linux-x86_64-debian-gcc, r-devel-linux-x86_64-fedora-clang, r-devel-linux-x86_64-fedora-gcc, r-devel-osx-x86_64-clang, r-devel-windows-ix86+x86_64, r-patched-linux-x86_64, r-patched-solaris-sparc, r-patched-solaris-x86, r-release-linux-x86_64, r-release-osx-x86_64-mavericks, r-release-windows-ix86+x86_64, r-oldrel-windows-ix86+x86_64
Version: 1.0-11
Check: S3 generic/method consistency
Result: NOTE
Found the following apparent S3 methods exported but not registered:
print.cuba
See section ‘Registering S3 methods’ in the ‘Writing R Extensions’
manual.
Flavors: r-devel-linux-x86_64-debian-clang, r-devel-linux-x86_64-debian-gcc, r-devel-linux-x86_64-fedora-clang, r-devel-linux-x86_64-fedora-gcc, r-devel-osx-x86_64-clang, r-patched-linux-x86_64, r-patched-solaris-sparc, r-patched-solaris-x86, r-release-linux-x86_64