CRAN Package Check Results for Package R6

Last updated on 2015-09-06 23:47:36.

Flavor Version Tinstall Tcheck Ttotal Status Flags
r-devel-linux-x86_64-debian-clang 2.1.1 0.57 37.38 37.96 OK
r-devel-linux-x86_64-debian-gcc 2.1.1 0.52 36.49 37.01 OK
r-devel-linux-x86_64-fedora-clang 2.1.1 60.94 OK
r-devel-linux-x86_64-fedora-gcc 2.1.1 62.20 OK
r-devel-osx-x86_64-clang 2.1.1 57.02 OK
r-devel-windows-ix86+x86_64 2.1.1 4.00 73.00 77.00 OK
r-patched-linux-x86_64 2.1.1 0.60 37.72 38.33 OK
r-patched-solaris-sparc 2.1.1 161.90 NOTE
r-patched-solaris-x86 2.1.1 37.90 NOTE
r-release-linux-x86_64 2.1.1 0.97 37.51 38.48 OK
r-release-osx-x86_64-mavericks 2.1.1 OK
r-release-windows-ix86+x86_64 2.1.1 4.00 74.00 78.00 OK
r-oldrel-windows-ix86+x86_64 2.1.1 6.00 80.00 86.00 OK

Check Details

Version: 2.1.1
Check: package dependencies
Result: NOTE
    Package suggested but not available for checking: ‘microbenchmark’
Flavors: r-patched-solaris-sparc, r-patched-solaris-x86

Version: 2.1.1
Check: re-building of vignette outputs
Result: NOTE
    Error in re-building vignettes:
     ...
    Quitting from lines 17-32 (Performance.Rmd)
    Error: processing vignette 'Performance.Rmd' failed with diagnostics:
    there is no package called 'microbenchmark'
    Execution halted
Flavors: r-patched-solaris-sparc, r-patched-solaris-x86