CRAN Package Check Results for Package RCEIM

Last updated on 2015-09-06 23:47:37.

Flavor Version Tinstall Tcheck Ttotal Status Flags
r-devel-linux-x86_64-debian-clang 0.2 0.56 14.54 15.11 NOTE
r-devel-linux-x86_64-debian-gcc 0.2 0.56 14.33 14.89 NOTE
r-devel-linux-x86_64-fedora-clang 0.2 28.78 NOTE
r-devel-linux-x86_64-fedora-gcc 0.2 27.78 NOTE
r-devel-osx-x86_64-clang 0.2 26.60 OK
r-devel-windows-ix86+x86_64 0.2 2.00 30.00 32.00 NOTE
r-patched-linux-x86_64 0.2 0.66 15.67 16.34 OK
r-patched-solaris-sparc 0.2 224.10 OK
r-patched-solaris-x86 0.2 43.60 OK
r-release-linux-x86_64 0.2 0.59 14.72 15.31 OK
r-release-osx-x86_64-mavericks 0.2 OK
r-release-windows-ix86+x86_64 0.2 3.00 40.00 43.00 OK
r-oldrel-windows-ix86+x86_64 0.2 5.00 30.00 35.00 OK

Check Details

Version: 0.2
Check: R code for possible problems
Result: NOTE
    ceimOpt: no visible global function definition for ‘dev.new’
    ceimOpt: no visible global function definition for ‘runif’
    ceimOpt: no visible global function definition for ‘sd’
    ceimOpt: no visible global function definition for ‘rnorm’
    ceimOpt: no visible global function definition for ‘plot’
    ceimOpt: no visible global function definition for ‘grid’
    ceimOpt: no visible global function definition for ‘rgb’
    ceimOpt: no visible global function definition for ‘lines’
    overPlotErrorPolygon: no visible global function definition for
     ‘polygon’
    plotEliteDistrib: no visible global function definition for ‘dev.new’
    plotEliteDistrib: no visible global function definition for
     ‘split.screen’
    plotEliteDistrib: no visible global function definition for ‘screen’
    plotEliteDistrib: no visible global function definition for ‘plot’
    plotEliteDistrib: no visible global function definition for ‘density’
    plotEliteDistrib: no visible global function definition for ‘abline’
    plotEliteDistrib: no visible global function definition for ‘text’
    plotEliteDistrib: no visible global function definition for
     ‘close.screen’
    Undefined global functions or variables:
     abline close.screen density dev.new grid lines plot polygon rgb rnorm
     runif screen sd split.screen text
    Consider adding
     importFrom("grDevices", "dev.new", "rgb")
     importFrom("graphics", "abline", "close.screen", "grid", "lines",
     "plot", "polygon", "screen", "split.screen", "text")
     importFrom("stats", "density", "rnorm", "runif", "sd")
    to your NAMESPACE.
Flavors: r-devel-linux-x86_64-debian-clang, r-devel-linux-x86_64-debian-gcc, r-devel-linux-x86_64-fedora-clang, r-devel-linux-x86_64-fedora-gcc, r-devel-windows-ix86+x86_64