Last updated on 2015-09-06 23:47:38.
Flavor | Version | Tinstall | Tcheck | Ttotal | Status | Flags |
---|---|---|---|---|---|---|
r-devel-linux-x86_64-debian-clang | 0.8-12 | 0.47 | 8.46 | 8.93 | NOTE | |
r-devel-linux-x86_64-debian-gcc | 0.8-12 | 0.53 | 8.41 | 8.94 | NOTE | |
r-devel-linux-x86_64-fedora-clang | 0.8-12 | 16.98 | NOTE | |||
r-devel-linux-x86_64-fedora-gcc | 0.8-12 | 15.17 | NOTE | |||
r-devel-osx-x86_64-clang | 0.8-12 | 16.15 | OK | |||
r-devel-windows-ix86+x86_64 | 0.8-12 | 3.00 | 20.00 | 23.00 | NOTE | |
r-patched-linux-x86_64 | 0.8-12 | 0.53 | 9.15 | 9.68 | NOTE | |
r-patched-solaris-sparc | 0.8-12 | 122.10 | OK | |||
r-patched-solaris-x86 | 0.8-12 | 27.20 | OK | |||
r-release-linux-x86_64 | 0.8-12 | 0.53 | 9.15 | 9.68 | NOTE | |
r-release-osx-x86_64-mavericks | 0.8-12 | OK | ||||
r-release-windows-ix86+x86_64 | 0.8-12 | 3.00 | 29.00 | 32.00 | OK | |
r-oldrel-windows-ix86+x86_64 | 0.8-12 | 3.00 | 17.00 | 20.00 | OK |
Version: 0.8-12
Check: R code for possible problems
Result: NOTE
call.eqs: no visible global function definition for ‘write.table’
read.eqs: no visible global function definition for ‘read.fwf’
Undefined global functions or variables:
read.fwf write.table
Consider adding
importFrom("utils", "read.fwf", "write.table")
to your NAMESPACE.
Flavors: r-devel-linux-x86_64-debian-clang, r-devel-linux-x86_64-debian-gcc, r-devel-linux-x86_64-fedora-clang, r-devel-linux-x86_64-fedora-gcc, r-devel-windows-ix86+x86_64
Version: 0.8-12
Check: Rd line widths
Result: NOTE
Rd file 'call.eqs.rd':
\examples lines wider than 100 characters:
##res <- call.eqs(EQSpgm = "C:/Program Files/EQS61/WINEQS.EXE", EQSmodel = "c:/eqs61/examples/manul7.eqs", serial = "1234")
Rd file 'run.eqs.rd':
\examples lines wider than 100 characters:
##res <- run.eqs(EQSpgm = "C:/Program Files/EQS61/WINEQS.EXE", EQSmodel = "c:/eqs61/examples/manul7.eqs", serial = "1234")
## res <- run.eqs(EQSpgm = "C:/Program Files/EQS61/WINEQS.EXE", EQSmodel = "c:/eqs61/examples/manul7.eqs", data = X, datname = "manul7 ... [TRUNCATED]
These lines will be truncated in the PDF manual.
Flavors: r-devel-linux-x86_64-debian-clang, r-devel-linux-x86_64-debian-gcc, r-devel-linux-x86_64-fedora-clang, r-devel-linux-x86_64-fedora-gcc, r-patched-linux-x86_64, r-release-linux-x86_64