Last updated on 2015-09-06 23:47:39.
Flavor | Version | Tinstall | Tcheck | Ttotal | Status | Flags |
---|---|---|---|---|---|---|
r-devel-linux-x86_64-debian-clang | 2.1.5 | 1.80 | 21.22 | 23.02 | OK | |
r-devel-linux-x86_64-debian-gcc | 2.1.5 | 1.95 | 19.56 | 21.51 | OK | |
r-devel-linux-x86_64-fedora-clang | 2.1.5 | 35.71 | NOTE | |||
r-devel-linux-x86_64-fedora-gcc | 2.1.5 | 32.77 | NOTE | |||
r-devel-osx-x86_64-clang | 2.1.5 | 38.39 | NOTE | |||
r-devel-windows-ix86+x86_64 | 2.1.5 | 8.00 | 38.00 | 46.00 | OK | |
r-patched-linux-x86_64 | 2.1.5 | 1.81 | 20.60 | 22.40 | NOTE | |
r-patched-solaris-sparc | 2.1.5 | 233.80 | NOTE | |||
r-patched-solaris-x86 | 2.1.5 | 51.60 | NOTE | |||
r-release-linux-x86_64 | 2.1.5 | 1.80 | 20.89 | 22.69 | NOTE | |
r-release-osx-x86_64-mavericks | 2.1.5 | NOTE | ||||
r-release-windows-ix86+x86_64 | 2.1.5 | 8.00 | 49.00 | 57.00 | NOTE | |
r-oldrel-windows-ix86+x86_64 | 2.1.5 | 10.00 | 36.00 | 46.00 | NOTE |
Version: 2.1.5
Check: data for non-ASCII characters
Result: NOTE
Note: found 12 marked UTF-8 strings
Flavors: r-devel-linux-x86_64-fedora-clang, r-devel-linux-x86_64-fedora-gcc, r-devel-osx-x86_64-clang, r-patched-linux-x86_64, r-patched-solaris-sparc, r-patched-solaris-x86, r-release-linux-x86_64, r-release-osx-x86_64-mavericks, r-release-windows-ix86+x86_64, r-oldrel-windows-ix86+x86_64