CRAN Package Check Results for Package RImageJROI

Last updated on 2015-09-06 23:47:39.

Flavor Version Tinstall Tcheck Ttotal Status Flags
r-devel-linux-x86_64-debian-clang 0.1.1 2.86 36.16 39.02 NOTE
r-devel-linux-x86_64-debian-gcc 0.1.1 2.77 35.05 37.82 NOTE
r-devel-linux-x86_64-fedora-clang 0.1.1 77.81 NOTE
r-devel-linux-x86_64-fedora-gcc 0.1.1 76.38 NOTE
r-devel-osx-x86_64-clang 0.1.1 67.26 OK
r-devel-windows-ix86+x86_64 0.1.1 8.00 64.00 72.00 NOTE
r-patched-linux-x86_64 0.1.1 3.08 37.61 40.70 OK
r-patched-solaris-sparc 0.1.1 501.30 OK
r-patched-solaris-x86 0.1.1 115.50 OK
r-release-linux-x86_64 0.1.1 3.70 37.66 41.36 OK
r-release-osx-x86_64-mavericks 0.1.1 OK
r-release-windows-ix86+x86_64 0.1.1 10.00 59.00 69.00 OK
r-oldrel-windows-ix86+x86_64 0.1.1 17.00 75.00 92.00 OK

Check Details

Version: 0.1.1
Check: R code for possible problems
Result: NOTE
    plot.ijzip: no visible global function definition for ‘plot’
    plot.ijzip : <anonymous>: no visible global function definition for
     ‘plot’
    plot.ijzip: no visible global function definition for ‘axis’
    read.ijzip: no visible global function definition for ‘unzip’
    Undefined global functions or variables:
     axis plot unzip
    Consider adding
     importFrom("graphics", "axis", "plot")
     importFrom("utils", "unzip")
    to your NAMESPACE.
Flavors: r-devel-linux-x86_64-debian-clang, r-devel-linux-x86_64-debian-gcc, r-devel-linux-x86_64-fedora-clang, r-devel-linux-x86_64-fedora-gcc, r-devel-windows-ix86+x86_64