Last updated on 2015-09-06 23:47:39.
Flavor | Version | Tinstall | Tcheck | Ttotal | Status | Flags |
---|---|---|---|---|---|---|
r-devel-linux-x86_64-debian-clang | 0.2-5 | 1.28 | 16.82 | 18.10 | NOTE | |
r-devel-linux-x86_64-debian-gcc | 0.2-5 | 1.59 | 16.78 | 18.36 | NOTE | |
r-devel-linux-x86_64-fedora-clang | 0.2-5 | 36.03 | NOTE | |||
r-devel-linux-x86_64-fedora-gcc | 0.2-5 | 34.40 | NOTE | |||
r-devel-osx-x86_64-clang | 0.2-5 | 33.79 | OK | |||
r-devel-windows-ix86+x86_64 | 0.2-5 | 4.00 | 33.00 | 37.00 | OK | |
r-patched-linux-x86_64 | 0.2-5 | 1.56 | 18.45 | 20.01 | NOTE | |
r-patched-solaris-sparc | 0.2-5 | 246.60 | OK | |||
r-patched-solaris-x86 | 0.2-5 | 60.70 | OK | |||
r-release-linux-x86_64 | 0.2-5 | 1.38 | 18.36 | 19.74 | NOTE | |
r-release-osx-x86_64-mavericks | 0.2-5 | OK | ||||
r-release-windows-ix86+x86_64 | 0.2-5 | 7.00 | 27.00 | 34.00 | OK | |
r-oldrel-windows-ix86+x86_64 | 0.2-5 | 9.00 | 56.00 | 65.00 | OK |
Version: 0.2-5
Check: top-level files
Result: NOTE
Non-standard file/directory found at top level:
‘java-src’
Flavors: r-devel-linux-x86_64-debian-clang, r-devel-linux-x86_64-debian-gcc, r-devel-linux-x86_64-fedora-clang, r-devel-linux-x86_64-fedora-gcc, r-patched-linux-x86_64, r-release-linux-x86_64