CRAN Package Check Results for Package RKEAjars

Last updated on 2015-09-06 23:47:39.

Flavor Version Tinstall Tcheck Ttotal Status Flags
r-devel-linux-x86_64-debian-clang 5.0-1 1.67 11.53 13.20 NOTE
r-devel-linux-x86_64-debian-gcc 5.0-1 1.86 10.97 12.83 NOTE
r-devel-linux-x86_64-fedora-clang 5.0-1 24.23 NOTE
r-devel-linux-x86_64-fedora-gcc 5.0-1 23.02 NOTE
r-devel-osx-x86_64-clang 5.0-1 24.72 NOTE
r-devel-windows-ix86+x86_64 5.0-1 5.00 22.00 27.00 NOTE
r-patched-linux-x86_64 5.0-1 2.04 12.32 14.37 NOTE
r-patched-solaris-sparc 5.0-1 175.30 NOTE
r-patched-solaris-x86 5.0-1 44.80 NOTE
r-release-linux-x86_64 5.0-1 1.87 12.45 14.32 NOTE
r-release-osx-x86_64-mavericks 5.0-1 NOTE
r-release-windows-ix86+x86_64 5.0-1 6.00 29.00 35.00 NOTE
r-oldrel-windows-ix86+x86_64 5.0-1 9.00 27.00 36.00 NOTE

Check Details

Version: 5.0-1
Check: installed package size
Result: NOTE
     installed size is 10.9Mb
     sub-directories of 1Mb or more:
     java 10.8Mb
Flavors: r-devel-linux-x86_64-debian-clang, r-devel-linux-x86_64-debian-gcc, r-devel-linux-x86_64-fedora-clang, r-devel-linux-x86_64-fedora-gcc, r-devel-osx-x86_64-clang, r-devel-windows-ix86+x86_64, r-patched-linux-x86_64, r-patched-solaris-sparc, r-patched-solaris-x86, r-release-linux-x86_64, r-release-osx-x86_64-mavericks, r-release-windows-ix86+x86_64, r-oldrel-windows-ix86+x86_64