Last updated on 2015-09-06 23:47:37.
Flavor | Version | Tinstall | Tcheck | Ttotal | Status | Flags |
---|---|---|---|---|---|---|
r-devel-linux-x86_64-debian-clang | 2.2-0 | 16.62 | 94.23 | 110.85 | NOTE | |
r-devel-linux-x86_64-debian-gcc | 2.2-0 | 15.18 | 93.26 | 108.44 | NOTE | |
r-devel-linux-x86_64-fedora-clang | 2.2-0 | 213.04 | NOTE | |||
r-devel-linux-x86_64-fedora-gcc | 2.2-0 | 203.97 | NOTE | |||
r-devel-osx-x86_64-clang | 2.2-0 | 176.66 | NOTE | |||
r-devel-windows-ix86+x86_64 | 2.2-0 | 40.00 | 161.00 | 201.00 | NOTE | |
r-patched-linux-x86_64 | 2.2-0 | 15.08 | 96.87 | 111.95 | NOTE | |
r-patched-solaris-sparc | 2.2-0 | 1135.20 | NOTE | |||
r-patched-solaris-x86 | 2.2-0 | 274.00 | NOTE | |||
r-release-linux-x86_64 | 2.2-0 | 16.53 | 95.16 | 111.69 | NOTE | |
r-release-osx-x86_64-mavericks | 2.2-0 | NOTE | ||||
r-release-windows-ix86+x86_64 | 2.2-0 | 55.00 | 137.00 | 192.00 | NOTE | |
r-oldrel-windows-ix86+x86_64 | 2.2-0 | 18.00 | 2.00 | 20.00 | ERROR |
Version: 2.2-0
Check: installed package size
Result: NOTE
installed size is 6.9Mb
sub-directories of 1Mb or more:
doc 3.6Mb
po 1.9Mb
Flavors: r-devel-linux-x86_64-debian-clang, r-devel-linux-x86_64-debian-gcc, r-devel-linux-x86_64-fedora-clang, r-devel-linux-x86_64-fedora-gcc, r-devel-osx-x86_64-clang, r-devel-windows-ix86+x86_64, r-patched-linux-x86_64, r-patched-solaris-sparc, r-patched-solaris-x86, r-release-linux-x86_64, r-release-osx-x86_64-mavericks, r-release-windows-ix86+x86_64
Version: 2.2-0
Check: package dependencies
Result: ERROR
Package required and available but unsuitable version: 'car'
See section 'The DESCRIPTION file' in the 'Writing R Extensions'
manual.
Flavor: r-oldrel-windows-ix86+x86_64