CRAN Package Check Results for Package RcmdrPlugin.mosaic

Last updated on 2015-09-06 23:47:37.

Flavor Version Tinstall Tcheck Ttotal Status Flags
r-devel-linux-x86_64-debian-clang 1.0-7 4.69 41.30 45.98 NOTE
r-devel-linux-x86_64-debian-gcc 1.0-7 4.71 42.03 46.74 NOTE
r-devel-linux-x86_64-fedora-clang 1.0-7 97.28 NOTE
r-devel-linux-x86_64-fedora-gcc 1.0-7 96.00 NOTE
r-devel-osx-x86_64-clang 1.0-7 84.96 NOTE
r-devel-windows-ix86+x86_64 1.0-7 41.00 87.00 128.00 NOTE
r-patched-linux-x86_64 1.0-7 4.96 43.46 48.42 NOTE
r-patched-solaris-sparc 1.0-7 569.50 NOTE
r-patched-solaris-x86 1.0-7 147.20 NOTE
r-release-linux-x86_64 1.0-7 4.92 43.63 48.55 NOTE
r-release-osx-x86_64-mavericks 1.0-7 NOTE
r-release-windows-ix86+x86_64 1.0-7 49.00 82.00 131.00 NOTE
r-oldrel-windows-ix86+x86_64 1.0-7 79.00 147.00 226.00 NOTE

Check Details

Version: 1.0-7
Check: DESCRIPTION meta-information
Result: NOTE
    Malformed Description field: should contain one or more complete sentences.
Flavors: r-devel-linux-x86_64-debian-clang, r-devel-linux-x86_64-debian-gcc, r-devel-linux-x86_64-fedora-clang, r-devel-linux-x86_64-fedora-gcc, r-devel-osx-x86_64-clang, r-devel-windows-ix86+x86_64, r-patched-linux-x86_64, r-patched-solaris-sparc, r-patched-solaris-x86, r-release-linux-x86_64, r-release-osx-x86_64-mavericks, r-release-windows-ix86+x86_64

Version: 1.0-7
Check: dependencies in R code
Result: NOTE
    Packages in Depends field not imported from:
     ‘ENmisc’ ‘Hmisc’ ‘Rcmdr’ ‘vcd’
     These packages need to be imported from (in the NAMESPACE file)
     for when this namespace is loaded but not attached.
Flavors: r-devel-linux-x86_64-debian-clang, r-devel-linux-x86_64-debian-gcc, r-devel-linux-x86_64-fedora-clang, r-devel-linux-x86_64-fedora-gcc, r-devel-osx-x86_64-clang, r-devel-windows-ix86+x86_64, r-patched-linux-x86_64, r-patched-solaris-sparc, r-patched-solaris-x86, r-release-linux-x86_64, r-release-osx-x86_64-mavericks, r-release-windows-ix86+x86_64, r-oldrel-windows-ix86+x86_64

Version: 1.0-7
Check: R code for possible problems
Result: NOTE
    .onAttach: no visible global function definition for ‘getRcmdr’
    .onAttach: no visible global function definition for ‘closeCommander’
    .onAttach: no visible global function definition for ‘Commander’
    mosaicMenuItem: no visible global function definition for
     ‘mosaicSelectDialog’
    mosaicMenuItem: no visible global function definition for ‘Message’
    Undefined global functions or variables:
     Commander Message closeCommander getRcmdr mosaicSelectDialog
Flavors: r-devel-linux-x86_64-debian-clang, r-devel-linux-x86_64-debian-gcc, r-devel-linux-x86_64-fedora-clang, r-devel-linux-x86_64-fedora-gcc, r-devel-osx-x86_64-clang, r-devel-windows-ix86+x86_64

Version: 1.0-7
Check: R code for possible problems
Result: NOTE
    .onAttach: no visible global function definition for ‘getRcmdr’
    .onAttach: no visible global function definition for ‘closeCommander’
    .onAttach: no visible global function definition for ‘Commander’
    mosaicMenuItem: no visible global function definition for
     ‘mosaicSelectDialog’
    mosaicMenuItem: no visible global function definition for ‘Message’
Flavors: r-patched-linux-x86_64, r-patched-solaris-sparc, r-patched-solaris-x86, r-release-linux-x86_64, r-release-osx-x86_64-mavericks, r-release-windows-ix86+x86_64, r-oldrel-windows-ix86+x86_64