CRAN Package Check Results for Package Rcolombos

Last updated on 2015-09-06 23:47:37.

Flavor Version Tinstall Tcheck Ttotal Status Flags
r-devel-linux-x86_64-debian-clang 1.5.2 0.59 9.49 10.08 NOTE
r-devel-linux-x86_64-debian-gcc 1.5.2 0.78 9.56 10.35 NOTE
r-devel-linux-x86_64-fedora-clang 1.5.2 19.50 NOTE
r-devel-linux-x86_64-fedora-gcc 1.5.2 19.48 NOTE
r-devel-osx-x86_64-clang 1.5.2 20.10 OK
r-devel-windows-ix86+x86_64 1.5.2 2.00 24.00 26.00 NOTE
r-patched-linux-x86_64 1.5.2 0.64 9.79 10.43 OK
r-patched-solaris-sparc 1.5.2 139.10 OK
r-patched-solaris-x86 1.5.2 32.50 OK
r-release-linux-x86_64 1.5.2 0.64 9.94 10.58 OK
r-release-osx-x86_64-mavericks 1.5.2 OK
r-release-windows-ix86+x86_64 1.5.2 3.00 17.00 20.00 OK
r-oldrel-windows-ix86+x86_64 1.5.2 6.00 36.00 42.00 OK

Check Details

Version: 1.5.2
Check: R code for possible problems
Result: NOTE
    getCompendium: no visible global function definition for
     ‘download.file’
    parseCompendium: no visible global function definition for ‘unzip’
    parseCompendium: no visible global function definition for ‘na.omit’
    parseCompendium: no visible global function definition for ‘read.csv’
    Undefined global functions or variables:
     download.file na.omit read.csv unzip
    Consider adding
     importFrom("stats", "na.omit")
     importFrom("utils", "download.file", "read.csv", "unzip")
    to your NAMESPACE.
Flavors: r-devel-linux-x86_64-debian-clang, r-devel-linux-x86_64-debian-gcc, r-devel-linux-x86_64-fedora-clang, r-devel-linux-x86_64-fedora-gcc, r-devel-windows-ix86+x86_64