CRAN Package Check Results for Package Rcpp

Last updated on 2015-09-06 23:47:37.

Flavor Version Tinstall Tcheck Ttotal Status Flags
r-devel-linux-x86_64-debian-clang 0.12.0 23.05 89.07 112.12 NOTE
r-devel-linux-x86_64-debian-gcc 0.12.0 23.87 86.87 110.74 NOTE
r-devel-linux-x86_64-fedora-clang 0.12.0 238.40 NOTE
r-devel-linux-x86_64-fedora-gcc 0.12.0 214.89 NOTE
r-devel-osx-x86_64-clang 0.12.0 193.11 NOTE
r-devel-windows-ix86+x86_64 0.12.0 82.00 195.00 277.00 NOTE
r-patched-linux-x86_64 0.12.0 23.96 87.90 111.87 NOTE
r-patched-solaris-sparc 0.12.0 1056.50 NOTE
r-patched-solaris-x86 0.12.0 240.60 NOTE
r-release-linux-x86_64 0.12.0 24.27 88.08 112.34 NOTE
r-release-osx-x86_64-mavericks 0.12.0 NOTE
r-release-windows-ix86+x86_64 0.12.0 110.00 278.00 388.00 NOTE
r-oldrel-windows-ix86+x86_64 0.12.0 117.00 193.00 310.00 NOTE

Memtest notes: clang-UBSAN

Check Details

Version: 0.12.0
Check: installed package size
Result: NOTE
     installed size is 12.5Mb
     sub-directories of 1Mb or more:
     doc 1.6Mb
     include 6.1Mb
     libs 3.3Mb
Flavors: r-devel-linux-x86_64-debian-clang, r-devel-linux-x86_64-debian-gcc, r-devel-linux-x86_64-fedora-clang, r-devel-linux-x86_64-fedora-gcc, r-devel-osx-x86_64-clang, r-devel-windows-ix86+x86_64, r-patched-linux-x86_64, r-patched-solaris-sparc, r-patched-solaris-x86, r-release-linux-x86_64, r-release-osx-x86_64-mavericks, r-release-windows-ix86+x86_64, r-oldrel-windows-ix86+x86_64

Version: 0.12.0
Check: foreign function calls
Result: NOTE
    Registration problem:
     symbol ‘symbol’ in the local frame:
     .Call(symbol)
    See chapter ‘System and foreign language interfaces’ in the ‘Writing R
    Extensions’ manual.
Flavor: r-devel-linux-x86_64-fedora-clang