CRAN Package Check Results for Package SciencesPo

Last updated on 2015-09-06 23:47:41.

Flavor Version Tinstall Tcheck Ttotal Status Flags
r-devel-linux-x86_64-debian-clang 1.3.7 5.08 37.56 42.64 OK
r-devel-linux-x86_64-debian-gcc 1.3.7 4.90 36.84 41.73 OK
r-devel-linux-x86_64-fedora-clang 1.3.7 82.24 OK
r-devel-linux-x86_64-fedora-gcc 1.3.7 78.66 OK
r-devel-osx-x86_64-clang 1.3.7 66.97 OK
r-devel-windows-ix86+x86_64 1.3.7 17.00 82.00 99.00 OK
r-patched-linux-x86_64 1.3.7 4.97 37.98 42.96 OK
r-patched-solaris-sparc 1.3.7 459.40 ERROR
r-patched-solaris-x86 1.3.7 112.80 OK
r-release-linux-x86_64 1.3.7 5.36 38.92 44.29 OK
r-release-osx-x86_64-mavericks 1.3.7 OK
r-release-windows-ix86+x86_64 1.3.7 28.00 78.00 106.00 OK
r-oldrel-windows-ix86+x86_64 1.3.5 18.00 98.00 116.00 OK

Check Details

Version: 1.3.7
Check: examples
Result: ERROR
    Running examples in ‘SciencesPo-Ex.R’ failed
    The error most likely occurred in:
    
    > ### Name: fillin
    > ### Title: Filling in missing values 'fillin' replaces missing values with
    > ### existing observations from other variable or data frame.
    > ### Aliases: fillin
    > ### Keywords: Missings
    >
    > ### ** Examples
    >
    > # Create data set with missing values
    > data1 <- data.frame(a = sample(c(1,2), 100, rep=TRUE),
    + b = sample(c(3,4), 100, rep=TRUE),
    + fNA = sample(c(100, 200, 300, 400, NA), 100, rep=TRUE))
    >
    > # Created full data set
    > data2 <- data.frame(a = c(1,2,1,2),
    + b = c(3,3,4,4),
    + full = c(100, 200, 300, 400))
    >
    > # Fill in missings from data1 with values from data2
    > Filled <- fillin(data1, data2, x.var = "fNA", y.var = "full", key = c("a", "b"))
    [1] "0 NAs were replaced."
    Error in stats::cor(SubNoNA$x_x, SubNoNA$x_y, use = "complete.obs") :
     no complete element pairs
    Calls: fillin -> <Anonymous>
    Execution halted
Flavor: r-patched-solaris-sparc